{"id":2923,"date":"2018-12-01T14:31:16","date_gmt":"2018-12-01T12:31:16","guid":{"rendered":"https:\/\/pielesprieto.es\/?page_id=2923"},"modified":"2018-12-01T14:33:33","modified_gmt":"2018-12-01T12:33:33","slug":"data-protection","status":"publish","type":"page","link":"https:\/\/pielesprieto.es\/en\/data-protection\/","title":{"rendered":"Data protection"},"content":{"rendered":"<h1><strong><u>POL\u00cdTICA DE PROTECCI\u00d3N DE DATOS<\/u><\/strong><\/h1>\n<p>&nbsp;<\/p>\n<p>La Direcci\u00f3n \/ \u00d3rgano de Gobierno de <strong>PIELES PRIETO S.A.<\/strong> (en adelante, el responsable del tratamiento), asume la m\u00e1xima responsabilidad y compromiso con el establecimiento, implementaci\u00f3n y mantenimiento de la presente Pol\u00edtica de Protecci\u00f3n de Datos, garantizando la mejora continua del responsable del tratamiento con el objetivo de alcanzar la excelencia en relaci\u00f3n con el cumplimiento del Reglamento (UE) 2016\/679 del Parlamento Europeo y del Consejo, de 27 de abril de 2016, relativo a la protecci\u00f3n de las personas f\u00edsicas en lo que respecta al tratamiento de datos personales y a la libre circulaci\u00f3n de estos datos y por el que se deroga la Directiva\u00a095\/46\/CE (Reglamento general de protecci\u00f3n de datos) (DOUE L 119\/1, 04-05-2016), y de la normativa espa\u00f1ola de protecci\u00f3n de datos de car\u00e1cter personal (Ley Org\u00e1nica, legislaci\u00f3n sectorial espec\u00edfica y sus normas de desarrollo).<\/p>\n<p>&nbsp;<\/p>\n<p>La Pol\u00edtica de Protecci\u00f3n de Datos de <strong>PIELES PRIETO S.A.<\/strong> descansa en el <u>principio de responsabilidad proactiva<\/u>, seg\u00fan el cual el responsable del tratamiento es responsable del cumplimiento del marco normativo y jurisprudencial que gobierna dicha Pol\u00edtica, y es capaz de demostrarlo ante las autoridades de control competentes.<\/p>\n<p>&nbsp;<\/p>\n<p>En tal sentido, el responsable del tratamiento se regir\u00e1 por los siguientes principios que deben servir a todo su personal como gu\u00eda y marco de referencia en el tratamiento de datos personales:<\/p>\n<p>&nbsp;<\/p>\n<ol>\n<li><u>Protecci\u00f3n de datos desde el dise\u00f1o:<\/u> el responsable del tratamiento aplicar\u00e1, tanto en el momento de determinar los medios de tratamiento como en el momento del propio tratamiento, medidas t\u00e9cnicas y organizativas apropiadas, como la seudonimizaci\u00f3n, concebidas para aplicar de forma efectiva los principios de protecci\u00f3n de datos, como la minimizaci\u00f3n de datos, e integrar las garant\u00edas necesarias en el tratamiento.<\/li>\n<\/ol>\n<p><u>\u00a0<\/u><\/p>\n<ol start=\"2\">\n<li><u>Protecci\u00f3n de datos por defecto:<\/u> el responsable del tratamiento aplicar\u00e1 las medidas t\u00e9cnicas y organizativas apropiadas con miras a garantizar que, por defecto, solo sean objeto de tratamiento los datos personales que sean necesarios para cada uno de los fines espec\u00edficos del tratamiento.<\/li>\n<\/ol>\n<p><u>\u00a0<\/u><\/p>\n<ol start=\"3\">\n<li><u>Protecci\u00f3n de datos en el ciclo de vida de la informaci\u00f3n:<\/u> las medidas que garanticen la protecci\u00f3n de los datos personales ser\u00e1n aplicables durante el ciclo completo de la vida de la informaci\u00f3n.<\/li>\n<\/ol>\n<p>&nbsp;<\/p>\n<ol start=\"4\">\n<li><u>Licitud, lealtad y transparencia:<\/u> los datos personales ser\u00e1n tratados de manera l\u00edcita, leal y transparente en relaci\u00f3n con el interesado.<\/li>\n<\/ol>\n<p>&nbsp;<\/p>\n<ol start=\"5\">\n<li><u>Limitaci\u00f3n de la finalidad:<\/u> los datos personales ser\u00e1n recogidos con fines determinados, expl\u00edcitos y leg\u00edtimos, y no ser\u00e1n tratados ulteriormente de manera incompatible con dichos fines.<\/li>\n<\/ol>\n<p>&nbsp;<\/p>\n<ol start=\"6\">\n<li><u>Minimizaci\u00f3n de datos:<\/u> los datos personales ser\u00e1n adecuados, pertinentes y limitados a lo necesario en relaci\u00f3n con los fines para los que son tratados.<\/li>\n<\/ol>\n<p>&nbsp;<\/p>\n<ol start=\"7\">\n<li><u>Exactitud:<\/u> los datos personales ser\u00e1n exactos y, si fuera necesario, actualizados; se adoptar\u00e1n todas las medidas razonables para que se supriman o rectifiquen sin dilaci\u00f3n los datos personales que sean inexactos con respecto a los fines para los que se tratan.<\/li>\n<\/ol>\n<p>&nbsp;<\/p>\n<ol start=\"8\">\n<li><u>Limitaci\u00f3n del plazo de conservaci\u00f3n:<\/u> los datos personales ser\u00e1n mantenidos de forma que se permita la identificaci\u00f3n de los interesados durante no m\u00e1s tiempo del necesario para los fines del tratamiento de los datos personales.<\/li>\n<\/ol>\n<p>&nbsp;<\/p>\n<ol start=\"9\">\n<li><u>Integridad y confidencialidad:<\/u> los datos personales ser\u00e1n tratados de tal manera que se garantice una seguridad adecuada de los datos personales, incluida la protecci\u00f3n contra el tratamiento no autorizado o il\u00edcito y contra su p\u00e9rdida, destrucci\u00f3n o da\u00f1o accidental, mediante la aplicaci\u00f3n de medidas t\u00e9cnicas u organizativas apropiadas.<\/li>\n<\/ol>\n<p>&nbsp;<\/p>\n<ol start=\"10\">\n<li><u>Informaci\u00f3n y formaci\u00f3n:<\/u> una de las claves para garantizar la protecci\u00f3n de los datos personales es la formaci\u00f3n e informaci\u00f3n que se facilite al personal involucrado en el tratamiento de los mismos. Durante el ciclo de vida de la informaci\u00f3n, todo el personal con acceso a los datos ser\u00e1 convenientemente formado e informado acerca de sus obligaciones en relaci\u00f3n con el cumplimiento de la normativa de protecci\u00f3n de datos.<\/li>\n<\/ol>\n<p>&nbsp;<\/p>\n<p>La Pol\u00edtica de Protecci\u00f3n de Datos de <strong>PIELES PRIETO S.A.<\/strong> es comunicada a todo el personal del responsable del tratamiento y puesta a disposici\u00f3n de todas las partes interesadas.<\/p>\n<p>&nbsp;<\/p>\n<p>En su consecuencia, la presente Pol\u00edtica de Protecci\u00f3n de Datos involucra a todo el personal del responsable del tratamiento, que debe conocerla y asumirla, consider\u00e1ndola como propia, siendo cada miembro responsable de aplicarla y de verificar las normas de protecci\u00f3n de datos aplicables a su actividad, as\u00ed como identificar y aportar las oportunidades de mejora que considere oportunas con el objetivo de alcanzar la excelencia en relaci\u00f3n con su cumplimiento.<\/p>\n<p>&nbsp;<\/p>\n<p>Esta Pol\u00edtica ser\u00e1 revisada por la Direcci\u00f3n \/ \u00d3rgano de Gobierno de <strong>PIELES PRIETO S.A.<\/strong>, tantas veces como se considere necesario, para adecuarse, en todo momento, a las disposiciones vigentes en materia de protecci\u00f3n de datos de car\u00e1cter personal.<\/p>\n","protected":false},"excerpt":{"rendered":"<p>POL\u00cdTICA DE PROTECCI\u00d3N DE DATOS &nbsp; La Direcci\u00f3n \/ \u00d3rgano de Gobierno de PIELES PRIETO S.A. (en adelante, el responsable del tratamiento), asume la m\u00e1xima responsabilidad y compromiso con el establecimiento, implementaci\u00f3n y mantenimiento de la presente Pol\u00edtica de Protecci\u00f3n de Datos, garantizando la mejora continua del responsable del tratamiento con el objetivo de alcanzar [&hellip;]<\/p>\n","protected":false},"author":1,"featured_media":0,"parent":0,"menu_order":995,"comment_status":"closed","ping_status":"closed","template":"","meta":[],"yoast_head":"<!-- This site is optimized with the Yoast SEO plugin v20.9 - https:\/\/yoast.com\/wordpress\/plugins\/seo\/ -->\n<title>Data protection - Pieles Prieto<\/title>\n<meta name=\"robots\" content=\"index, follow, max-snippet:-1, max-image-preview:large, max-video-preview:-1\" \/>\n<link rel=\"canonical\" href=\"https:\/\/pielesprieto.es\/en\/data-protection\/\" \/>\n<meta property=\"og:locale\" content=\"en_US\" \/>\n<meta property=\"og:type\" content=\"article\" \/>\n<meta property=\"og:title\" content=\"Data protection - Pieles Prieto\" \/>\n<meta property=\"og:description\" content=\"POL\u00cdTICA DE PROTECCI\u00d3N DE DATOS &nbsp; La Direcci\u00f3n \/ \u00d3rgano de Gobierno de PIELES PRIETO S.A. (en adelante, el responsable del tratamiento), asume la m\u00e1xima responsabilidad y compromiso con el establecimiento, implementaci\u00f3n y mantenimiento de la presente Pol\u00edtica de Protecci\u00f3n de Datos, garantizando la mejora continua del responsable del tratamiento con el objetivo de alcanzar [&hellip;]\" \/>\n<meta property=\"og:url\" content=\"https:\/\/pielesprieto.es\/en\/data-protection\/\" \/>\n<meta property=\"og:site_name\" content=\"Pieles Prieto\" \/>\n<meta property=\"article:publisher\" content=\"https:\/\/www.facebook.com\/pielesprietobarcelona\/\" \/>\n<meta property=\"article:modified_time\" content=\"2018-12-01T12:33:33+00:00\" \/>\n<meta name=\"twitter:card\" content=\"summary_large_image\" \/>\n<meta name=\"twitter:site\" content=\"@PielesPrieto\" \/>\n<meta name=\"twitter:label1\" content=\"Est. reading time\" \/>\n\t<meta name=\"twitter:data1\" content=\"4 minutes\" \/>\n<script type=\"application\/ld+json\" class=\"yoast-schema-graph\">{\"@context\":\"https:\/\/schema.org\",\"@graph\":[{\"@type\":\"WebPage\",\"@id\":\"https:\/\/pielesprieto.es\/en\/data-protection\/\",\"url\":\"https:\/\/pielesprieto.es\/en\/data-protection\/\",\"name\":\"Data protection - Pieles Prieto\",\"isPartOf\":{\"@id\":\"https:\/\/pielesprieto.es\/#website\"},\"datePublished\":\"2018-12-01T12:31:16+00:00\",\"dateModified\":\"2018-12-01T12:33:33+00:00\",\"breadcrumb\":{\"@id\":\"https:\/\/pielesprieto.es\/en\/data-protection\/#breadcrumb\"},\"inLanguage\":\"en-US\",\"potentialAction\":[{\"@type\":\"ReadAction\",\"target\":[\"https:\/\/pielesprieto.es\/en\/data-protection\/\"]}]},{\"@type\":\"BreadcrumbList\",\"@id\":\"https:\/\/pielesprieto.es\/en\/data-protection\/#breadcrumb\",\"itemListElement\":[{\"@type\":\"ListItem\",\"position\":1,\"name\":\"Portada\",\"item\":\"https:\/\/pielesprieto.es\/en\/home\/\"},{\"@type\":\"ListItem\",\"position\":2,\"name\":\"Data protection\"}]},{\"@type\":\"WebSite\",\"@id\":\"https:\/\/pielesprieto.es\/#website\",\"url\":\"https:\/\/pielesprieto.es\/\",\"name\":\"Pieles Prieto\",\"description\":\"Pieles Prieto\",\"potentialAction\":[{\"@type\":\"SearchAction\",\"target\":{\"@type\":\"EntryPoint\",\"urlTemplate\":\"https:\/\/pielesprieto.es\/?s={search_term_string}\"},\"query-input\":\"required name=search_term_string\"}],\"inLanguage\":\"en-US\"}]}<\/script>\n<!-- \/ Yoast SEO plugin. -->","yoast_head_json":{"title":"Data protection - Pieles Prieto","robots":{"index":"index","follow":"follow","max-snippet":"max-snippet:-1","max-image-preview":"max-image-preview:large","max-video-preview":"max-video-preview:-1"},"canonical":"https:\/\/pielesprieto.es\/en\/data-protection\/","og_locale":"en_US","og_type":"article","og_title":"Data protection - Pieles Prieto","og_description":"POL\u00cdTICA DE PROTECCI\u00d3N DE DATOS &nbsp; La Direcci\u00f3n \/ \u00d3rgano de Gobierno de PIELES PRIETO S.A. (en adelante, el responsable del tratamiento), asume la m\u00e1xima responsabilidad y compromiso con el establecimiento, implementaci\u00f3n y mantenimiento de la presente Pol\u00edtica de Protecci\u00f3n de Datos, garantizando la mejora continua del responsable del tratamiento con el objetivo de alcanzar [&hellip;]","og_url":"https:\/\/pielesprieto.es\/en\/data-protection\/","og_site_name":"Pieles Prieto","article_publisher":"https:\/\/www.facebook.com\/pielesprietobarcelona\/","article_modified_time":"2018-12-01T12:33:33+00:00","twitter_card":"summary_large_image","twitter_site":"@PielesPrieto","twitter_misc":{"Est. reading time":"4 minutes"},"schema":{"@context":"https:\/\/schema.org","@graph":[{"@type":"WebPage","@id":"https:\/\/pielesprieto.es\/en\/data-protection\/","url":"https:\/\/pielesprieto.es\/en\/data-protection\/","name":"Data protection - Pieles Prieto","isPartOf":{"@id":"https:\/\/pielesprieto.es\/#website"},"datePublished":"2018-12-01T12:31:16+00:00","dateModified":"2018-12-01T12:33:33+00:00","breadcrumb":{"@id":"https:\/\/pielesprieto.es\/en\/data-protection\/#breadcrumb"},"inLanguage":"en-US","potentialAction":[{"@type":"ReadAction","target":["https:\/\/pielesprieto.es\/en\/data-protection\/"]}]},{"@type":"BreadcrumbList","@id":"https:\/\/pielesprieto.es\/en\/data-protection\/#breadcrumb","itemListElement":[{"@type":"ListItem","position":1,"name":"Portada","item":"https:\/\/pielesprieto.es\/en\/home\/"},{"@type":"ListItem","position":2,"name":"Data protection"}]},{"@type":"WebSite","@id":"https:\/\/pielesprieto.es\/#website","url":"https:\/\/pielesprieto.es\/","name":"Pieles Prieto","description":"Pieles Prieto","potentialAction":[{"@type":"SearchAction","target":{"@type":"EntryPoint","urlTemplate":"https:\/\/pielesprieto.es\/?s={search_term_string}"},"query-input":"required name=search_term_string"}],"inLanguage":"en-US"}]}},"_links":{"self":[{"href":"https:\/\/pielesprieto.es\/en\/wp-json\/wp\/v2\/pages\/2923"}],"collection":[{"href":"https:\/\/pielesprieto.es\/en\/wp-json\/wp\/v2\/pages"}],"about":[{"href":"https:\/\/pielesprieto.es\/en\/wp-json\/wp\/v2\/types\/page"}],"author":[{"embeddable":true,"href":"https:\/\/pielesprieto.es\/en\/wp-json\/wp\/v2\/users\/1"}],"replies":[{"embeddable":true,"href":"https:\/\/pielesprieto.es\/en\/wp-json\/wp\/v2\/comments?post=2923"}],"version-history":[{"count":2,"href":"https:\/\/pielesprieto.es\/en\/wp-json\/wp\/v2\/pages\/2923\/revisions"}],"predecessor-version":[{"id":2931,"href":"https:\/\/pielesprieto.es\/en\/wp-json\/wp\/v2\/pages\/2923\/revisions\/2931"}],"wp:attachment":[{"href":"https:\/\/pielesprieto.es\/en\/wp-json\/wp\/v2\/media?parent=2923"}],"curies":[{"name":"wp","href":"https:\/\/api.w.org\/{rel}","templated":true}]}}

<h1><strong><u>POLÍTICA DE PROTECCIÓN DE DATOS</u></strong></h1>
<p>&nbsp;</p>
<p>La Dirección / Órgano de Gobierno de <strong>PIELES PRIETO S.A.</strong> (en adelante, el responsable del tratamiento), asume la máxima responsabilidad y compromiso con el establecimiento, implementación y mantenimiento de la presente Política de Protección de Datos, garantizando la mejora continua del responsable del tratamiento con el objetivo de alcanzar la excelencia en relación con el cumplimiento del Reglamento (UE) 2016/679 del Parlamento Europeo y del Consejo, de 27 de abril de 2016, relativo a la protección de las personas físicas en lo que respecta al tratamiento de datos personales y a la libre circulación de estos datos y por el que se deroga la Directiva 95/46/CE (Reglamento general de protección de datos) (DOUE L 119/1, 04-05-2016), y de la normativa española de protección de datos de carácter personal (Ley Orgánica, legislación sectorial específica y sus normas de desarrollo).</p>
<p>&nbsp;</p>
<p>La Política de Protección de Datos de <strong>PIELES PRIETO S.A.</strong> descansa en el <u>principio de responsabilidad proactiva</u>, según el cual el responsable del tratamiento es responsable del cumplimiento del marco normativo y jurisprudencial que gobierna dicha Política, y es capaz de demostrarlo ante las autoridades de control competentes.</p>
<p>&nbsp;</p>
<p>En tal sentido, el responsable del tratamiento se regirá por los siguientes principios que deben servir a todo su personal como guía y marco de referencia en el tratamiento de datos personales:</p>
<p>&nbsp;</p>
<ol>
<li><u>Protección de datos desde el diseño:</u> el responsable del tratamiento aplicará, tanto en el momento de determinar los medios de tratamiento como en el momento del propio tratamiento, medidas técnicas y organizativas apropiadas, como la seudonimización, concebidas para aplicar de forma efectiva los principios de protección de datos, como la minimización de datos, e integrar las garantías necesarias en el tratamiento.</li>
</ol>
<p><u> </u></p>
<ol start="2">
<li><u>Protección de datos por defecto:</u> el responsable del tratamiento aplicará las medidas técnicas y organizativas apropiadas con miras a garantizar que, por defecto, solo sean objeto de tratamiento los datos personales que sean necesarios para cada uno de los fines específicos del tratamiento.</li>
</ol>
<p><u> </u></p>
<ol start="3">
<li><u>Protección de datos en el ciclo de vida de la información:</u> las medidas que garanticen la protección de los datos personales serán aplicables durante el ciclo completo de la vida de la información.</li>
</ol>
<p>&nbsp;</p>
<ol start="4">
<li><u>Licitud, lealtad y transparencia:</u> los datos personales serán tratados de manera lícita, leal y transparente en relación con el interesado.</li>
</ol>
<p>&nbsp;</p>
<ol start="5">
<li><u>Limitación de la finalidad:</u> los datos personales serán recogidos con fines determinados, explícitos y legítimos, y no serán tratados ulteriormente de manera incompatible con dichos fines.</li>
</ol>
<p>&nbsp;</p>
<ol start="6">
<li><u>Minimización de datos:</u> los datos personales serán adecuados, pertinentes y limitados a lo necesario en relación con los fines para los que son tratados.</li>
</ol>
<p>&nbsp;</p>
<ol start="7">
<li><u>Exactitud:</u> los datos personales serán exactos y, si fuera necesario, actualizados; se adoptarán todas las medidas razonables para que se supriman o rectifiquen sin dilación los datos personales que sean inexactos con respecto a los fines para los que se tratan.</li>
</ol>
<p>&nbsp;</p>
<ol start="8">
<li><u>Limitación del plazo de conservación:</u> los datos personales serán mantenidos de forma que se permita la identificación de los interesados durante no más tiempo del necesario para los fines del tratamiento de los datos personales.</li>
</ol>
<p>&nbsp;</p>
<ol start="9">
<li><u>Integridad y confidencialidad:</u> los datos personales serán tratados de tal manera que se garantice una seguridad adecuada de los datos personales, incluida la protección contra el tratamiento no autorizado o ilícito y contra su pérdida, destrucción o daño accidental, mediante la aplicación de medidas técnicas u organizativas apropiadas.</li>
</ol>
<p>&nbsp;</p>
<ol start="10">
<li><u>Información y formación:</u> una de las claves para garantizar la protección de los datos personales es la formación e información que se facilite al personal involucrado en el tratamiento de los mismos. Durante el ciclo de vida de la información, todo el personal con acceso a los datos será convenientemente formado e informado acerca de sus obligaciones en relación con el cumplimiento de la normativa de protección de datos.</li>
</ol>
<p>&nbsp;</p>
<p>La Política de Protección de Datos de <strong>PIELES PRIETO S.A.</strong> es comunicada a todo el personal del responsable del tratamiento y puesta a disposición de todas las partes interesadas.</p>
<p>&nbsp;</p>
<p>En su consecuencia, la presente Política de Protección de Datos involucra a todo el personal del responsable del tratamiento, que debe conocerla y asumirla, considerándola como propia, siendo cada miembro responsable de aplicarla y de verificar las normas de protección de datos aplicables a su actividad, así como identificar y aportar las oportunidades de mejora que considere oportunas con el objetivo de alcanzar la excelencia en relación con su cumplimiento.</p>
<p>&nbsp;</p>
<p>Esta Política será revisada por la Dirección / Órgano de Gobierno de <strong>PIELES PRIETO S.A.</strong>, tantas veces como se considere necesario, para adecuarse, en todo momento, a las disposiciones vigentes en materia de protección de datos de carácter personal.</p>

<p>POLÍTICA DE PROTECCIÓN DE DATOS &nbsp; La Dirección / Órgano de Gobierno de PIELES PRIETO S.A. (en adelante, el responsable del tratamiento), asume la máxima responsabilidad y compromiso con el establecimiento, implementación y mantenimiento de la presente Política de Protección de Datos, garantizando la mejora continua del responsable del tratamiento con el objetivo de alcanzar [&hellip;]</p>

<!-- This site is optimized with the Yoast SEO plugin v20.9 - https://yoast.com/wordpress/plugins/seo/ -->
<title>Data protection - Pieles Prieto</title>
<meta name="robots" content="index, follow, max-snippet:-1, max-image-preview:large, max-video-preview:-1" />
<link rel="canonical" href="https://pielesprieto.es/en/data-protection/" />
<meta property="og:locale" content="en_US" />
<meta property="og:type" content="article" />
<meta property="og:title" content="Data protection - Pieles Prieto" />
<meta property="og:description" content="POLÍTICA DE PROTECCIÓN DE DATOS &nbsp; La Dirección / Órgano de Gobierno de PIELES PRIETO S.A. (en adelante, el responsable del tratamiento), asume la máxima responsabilidad y compromiso con el establecimiento, implementación y mantenimiento de la presente Política de Protección de Datos, garantizando la mejora continua del responsable del tratamiento con el objetivo de alcanzar [&hellip;]" />
<meta property="og:url" content="https://pielesprieto.es/en/data-protection/" />
<meta property="og:site_name" content="Pieles Prieto" />
<meta property="article:publisher" content="https://www.facebook.com/pielesprietobarcelona/" />
<meta property="article:modified_time" content="2018-12-01T12:33:33+00:00" />
<meta name="twitter:card" content="summary_large_image" />
<meta name="twitter:site" content="@PielesPrieto" />
<meta name="twitter:label1" content="Est. reading time" />
	<meta name="twitter:data1" content="4 minutes" />
<script type="application/ld+json" class="yoast-schema-graph">{"@context":"https://schema.org","@graph":[{"@type":"WebPage","@id":"https://pielesprieto.es/en/data-protection/","url":"https://pielesprieto.es/en/data-protection/","name":"Data protection - Pieles Prieto","isPartOf":{"@id":"https://pielesprieto.es/#website"},"datePublished":"2018-12-01T12:31:16+00:00","dateModified":"2018-12-01T12:33:33+00:00","breadcrumb":{"@id":"https://pielesprieto.es/en/data-protection/#breadcrumb"},"inLanguage":"en-US","potentialAction":[{"@type":"ReadAction","target":["https://pielesprieto.es/en/data-protection/"]}]},{"@type":"BreadcrumbList","@id":"https://pielesprieto.es/en/data-protection/#breadcrumb","itemListElement":[{"@type":"ListItem","position":1,"name":"Portada","item":"https://pielesprieto.es/en/home/"},{"@type":"ListItem","position":2,"name":"Data protection"}]},{"@type":"WebSite","@id":"https://pielesprieto.es/#website","url":"https://pielesprieto.es/","name":"Pieles Prieto","description":"Pieles Prieto","potentialAction":[{"@type":"SearchAction","target":{"@type":"EntryPoint","urlTemplate":"https://pielesprieto.es/?s={search_term_string}"},"query-input":"required name=search_term_string"}],"inLanguage":"en-US"}]}</script>
<!-- / Yoast SEO plugin. -->

POLÍTICA DE PROTECCIÓN DE DATOS &nbsp; La Dirección / Órgano de Gobierno de PIELES PRIETO S.A. (en adelante, el responsable del tratamiento), asume la máxima responsabilidad y compromiso con el establecimiento, implementación y mantenimiento de la presente Política de Protección de Datos, garantizando la mejora continua del responsable del tratamiento con el objetivo de alcanzar [&hellip;]
