{"id":6067,"date":"2019-12-09T18:31:00","date_gmt":"2019-12-09T16:31:00","guid":{"rendered":"https:\/\/pielesprieto.es\/product\/coll-de-pell-mao-renardbleu-beig\/"},"modified":"2019-12-09T19:11:35","modified_gmt":"2019-12-09T17:11:35","slug":"coll-de-pell-mao-renardbleu-beig","status":"publish","type":"product","link":"https:\/\/pielesprieto.es\/ca\/producte\/coll-de-pell-mao-renardbleu-beig\/","title":{"rendered":"COLL DE PELL &#8220;MAO&#8221;"},"content":{"rendered":"<p>Coll estil <strong>&#8220;mao&#8221;<\/strong>confeccionat en <strong>pell de renard bleu tenyit a color beig.<\/strong> Aquest accessori \u00e9s ideal per real\u00e7ar qualsevol pe\u00e7a que desitgis del teu vestidor.\u00a0Model de\u00a0<b>talla \u00fanica<\/b>. Aquest complement de pelleteria est\u00e0\u00a0<b>disponible en diferents tipus de pell i color<\/b>. Si vols aquest model en un altre tipus de pell o color, contacte amb nosaltres.<\/p>\n<p>Tots aquests productes de Prieto Barcelona estan confeccionats artesanalment a Barcelona utilitzant pell de gran qualitat.\u00a0 Al ser un material natural, la pell pot tenir petites irregularitats i canvis de color que no s\u00b4apreci\u00efn a les fotografies del producte. Aquests detalls fan de cada producte Prieto peces \u00faniques i augmenten el seu valor.<\/p>\n<p><b>COMPOSICI\u00d3<\/b>:<br \/>\nPELL DE FINRACCOON<\/p>\n<p>FOLRE TELA<\/p>\n<p>&nbsp;<\/p>\n<p><b>ADVERTENCIES<\/b>:<br \/>\nNO RENTAR A M\u00c0QUINA<\/p>\n<p>NO RENTAR A MA<\/p>\n<p>NETEJA A PELLETERIES ESPECIALITZADES<\/p>\n<p>&nbsp;<\/p>\n<p><a href=\"https:\/\/pielesprieto.es\/ca\/conservacio-manteniment-pelleteria\/\">Con\u00e8ixer m\u00e9s sobre el manteniment de prendes de pelleteria<\/a><\/p>\n<p>&nbsp;<\/p>\n","protected":false},"excerpt":{"rendered":"<p>Coll estil <strong>&#8220;mao&#8221;<\/strong>confeccionat en <strong>pell de renard bleu tenyit a color beig.<\/strong> Aquest accessori \u00e9s ideal per real\u00e7ar qualsevol pe\u00e7a que desitgis del teu vestidor.<\/p>\n","protected":false},"featured_media":6033,"comment_status":"closed","ping_status":"closed","template":"","meta":[],"product_cat":[200],"product_tag":[451,449,452,473,513],"yoast_head":"<!-- This site is optimized with the Yoast SEO plugin v20.9 - https:\/\/yoast.com\/wordpress\/plugins\/seo\/ -->\n<title>COLL DE PELL &quot;MAO&quot; - Pieles Prieto<\/title>\n<meta name=\"robots\" content=\"index, follow, max-snippet:-1, max-image-preview:large, max-video-preview:-1\" \/>\n<link rel=\"canonical\" href=\"https:\/\/pielesprieto.es\/ca\/producte\/coll-de-pell-mao-renardbleu-beig\/\" \/>\n<meta property=\"og:locale\" content=\"ca_ES\" \/>\n<meta property=\"og:type\" content=\"article\" \/>\n<meta property=\"og:title\" content=\"COLL DE PELL &quot;MAO&quot; - Pieles Prieto\" \/>\n<meta property=\"og:description\" content=\"Coll estil &quot;mao&quot;confeccionat en pell de renard bleu tenyit a color beig. Aquest accessori \u00e9s ideal per real\u00e7ar qualsevol pe\u00e7a que desitgis del teu vestidor.\" \/>\n<meta property=\"og:url\" content=\"https:\/\/pielesprieto.es\/ca\/producte\/coll-de-pell-mao-renardbleu-beig\/\" \/>\n<meta property=\"og:site_name\" content=\"Pieles Prieto\" \/>\n<meta property=\"article:publisher\" content=\"https:\/\/www.facebook.com\/pielesprietobarcelona\/\" \/>\n<meta property=\"article:modified_time\" content=\"2019-12-09T17:11:35+00:00\" \/>\n<meta property=\"og:image\" content=\"https:\/\/pielesprieto.es\/wp-content\/uploads\/2019\/12\/pe-cuello-mao-renardbleu-beig-1_1000003299.jpg\" \/>\n\t<meta property=\"og:image:width\" content=\"1280\" \/>\n\t<meta property=\"og:image:height\" content=\"1280\" \/>\n\t<meta property=\"og:image:type\" content=\"image\/jpeg\" \/>\n<meta name=\"twitter:card\" content=\"summary_large_image\" \/>\n<meta name=\"twitter:site\" content=\"@PielesPrieto\" \/>\n<meta name=\"twitter:label1\" content=\"Temps estimat de lectura\" \/>\n\t<meta name=\"twitter:data1\" content=\"1 minut\" \/>\n<script type=\"application\/ld+json\" class=\"yoast-schema-graph\">{\"@context\":\"https:\/\/schema.org\",\"@graph\":[{\"@type\":\"WebPage\",\"@id\":\"https:\/\/pielesprieto.es\/ca\/producte\/coll-de-pell-mao-renardbleu-beig\/\",\"url\":\"https:\/\/pielesprieto.es\/ca\/producte\/coll-de-pell-mao-renardbleu-beig\/\",\"name\":\"COLL DE PELL \\\"MAO\\\" - Pieles Prieto\",\"isPartOf\":{\"@id\":\"https:\/\/pielesprieto.es\/#website\"},\"datePublished\":\"2019-12-09T16:31:00+00:00\",\"dateModified\":\"2019-12-09T17:11:35+00:00\",\"breadcrumb\":{\"@id\":\"https:\/\/pielesprieto.es\/ca\/producte\/coll-de-pell-mao-renardbleu-beig\/#breadcrumb\"},\"inLanguage\":\"ca\",\"potentialAction\":[{\"@type\":\"ReadAction\",\"target\":[\"https:\/\/pielesprieto.es\/ca\/producte\/coll-de-pell-mao-renardbleu-beig\/\"]}]},{\"@type\":\"BreadcrumbList\",\"@id\":\"https:\/\/pielesprieto.es\/ca\/producte\/coll-de-pell-mao-renardbleu-beig\/#breadcrumb\",\"itemListElement\":[{\"@type\":\"ListItem\",\"position\":1,\"name\":\"Portada\",\"item\":\"https:\/\/pielesprieto.es\/ca\/inici\/\"},{\"@type\":\"ListItem\",\"position\":2,\"name\":\"EShop\",\"item\":\"https:\/\/pielesprieto.es\/ca\/?page_id=4849\"},{\"@type\":\"ListItem\",\"position\":3,\"name\":\"COLL DE PELL &#8220;MAO&#8221;\"}]},{\"@type\":\"WebSite\",\"@id\":\"https:\/\/pielesprieto.es\/#website\",\"url\":\"https:\/\/pielesprieto.es\/\",\"name\":\"Pieles Prieto\",\"description\":\"Pieles Prieto\",\"potentialAction\":[{\"@type\":\"SearchAction\",\"target\":{\"@type\":\"EntryPoint\",\"urlTemplate\":\"https:\/\/pielesprieto.es\/?s={search_term_string}\"},\"query-input\":\"required name=search_term_string\"}],\"inLanguage\":\"ca\"}]}<\/script>\n<!-- \/ Yoast SEO plugin. -->","yoast_head_json":{"title":"COLL DE PELL \"MAO\" - Pieles Prieto","robots":{"index":"index","follow":"follow","max-snippet":"max-snippet:-1","max-image-preview":"max-image-preview:large","max-video-preview":"max-video-preview:-1"},"canonical":"https:\/\/pielesprieto.es\/ca\/producte\/coll-de-pell-mao-renardbleu-beig\/","og_locale":"ca_ES","og_type":"article","og_title":"COLL DE PELL \"MAO\" - Pieles Prieto","og_description":"Coll estil \"mao\"confeccionat en pell de renard bleu tenyit a color beig. Aquest accessori \u00e9s ideal per real\u00e7ar qualsevol pe\u00e7a que desitgis del teu vestidor.","og_url":"https:\/\/pielesprieto.es\/ca\/producte\/coll-de-pell-mao-renardbleu-beig\/","og_site_name":"Pieles Prieto","article_publisher":"https:\/\/www.facebook.com\/pielesprietobarcelona\/","article_modified_time":"2019-12-09T17:11:35+00:00","og_image":[{"width":1280,"height":1280,"url":"https:\/\/pielesprieto.es\/wp-content\/uploads\/2019\/12\/pe-cuello-mao-renardbleu-beig-1_1000003299.jpg","type":"image\/jpeg"}],"twitter_card":"summary_large_image","twitter_site":"@PielesPrieto","twitter_misc":{"Temps estimat de lectura":"1 minut"},"schema":{"@context":"https:\/\/schema.org","@graph":[{"@type":"WebPage","@id":"https:\/\/pielesprieto.es\/ca\/producte\/coll-de-pell-mao-renardbleu-beig\/","url":"https:\/\/pielesprieto.es\/ca\/producte\/coll-de-pell-mao-renardbleu-beig\/","name":"COLL DE PELL \"MAO\" - Pieles Prieto","isPartOf":{"@id":"https:\/\/pielesprieto.es\/#website"},"datePublished":"2019-12-09T16:31:00+00:00","dateModified":"2019-12-09T17:11:35+00:00","breadcrumb":{"@id":"https:\/\/pielesprieto.es\/ca\/producte\/coll-de-pell-mao-renardbleu-beig\/#breadcrumb"},"inLanguage":"ca","potentialAction":[{"@type":"ReadAction","target":["https:\/\/pielesprieto.es\/ca\/producte\/coll-de-pell-mao-renardbleu-beig\/"]}]},{"@type":"BreadcrumbList","@id":"https:\/\/pielesprieto.es\/ca\/producte\/coll-de-pell-mao-renardbleu-beig\/#breadcrumb","itemListElement":[{"@type":"ListItem","position":1,"name":"Portada","item":"https:\/\/pielesprieto.es\/ca\/inici\/"},{"@type":"ListItem","position":2,"name":"EShop","item":"https:\/\/pielesprieto.es\/ca\/?page_id=4849"},{"@type":"ListItem","position":3,"name":"COLL DE PELL &#8220;MAO&#8221;"}]},{"@type":"WebSite","@id":"https:\/\/pielesprieto.es\/#website","url":"https:\/\/pielesprieto.es\/","name":"Pieles Prieto","description":"Pieles Prieto","potentialAction":[{"@type":"SearchAction","target":{"@type":"EntryPoint","urlTemplate":"https:\/\/pielesprieto.es\/?s={search_term_string}"},"query-input":"required name=search_term_string"}],"inLanguage":"ca"}]}},"_links":{"self":[{"href":"https:\/\/pielesprieto.es\/ca\/wp-json\/wp\/v2\/product\/6067"}],"collection":[{"href":"https:\/\/pielesprieto.es\/ca\/wp-json\/wp\/v2\/product"}],"about":[{"href":"https:\/\/pielesprieto.es\/ca\/wp-json\/wp\/v2\/types\/product"}],"replies":[{"embeddable":true,"href":"https:\/\/pielesprieto.es\/ca\/wp-json\/wp\/v2\/comments?post=6067"}],"wp:featuredmedia":[{"embeddable":true,"href":"https:\/\/pielesprieto.es\/ca\/wp-json\/wp\/v2\/media\/6033"}],"wp:attachment":[{"href":"https:\/\/pielesprieto.es\/ca\/wp-json\/wp\/v2\/media?parent=6067"}],"wp:term":[{"taxonomy":"product_cat","embeddable":true,"href":"https:\/\/pielesprieto.es\/ca\/wp-json\/wp\/v2\/product_cat?post=6067"},{"taxonomy":"product_tag","embeddable":true,"href":"https:\/\/pielesprieto.es\/ca\/wp-json\/wp\/v2\/product_tag?post=6067"}],"curies":[{"name":"wp","href":"https:\/\/api.w.org\/{rel}","templated":true}]}}

<p>Coll estil <strong>&#8220;mao&#8221;</strong>confeccionat en <strong>pell de renard bleu tenyit a color beig.</strong> Aquest accessori és ideal per realçar qualsevol peça que desitgis del teu vestidor. Model de <b>talla única</b>. Aquest complement de pelleteria està <b>disponible en diferents tipus de pell i color</b>. Si vols aquest model en un altre tipus de pell o color, contacte amb nosaltres.</p>
<p>Tots aquests productes de Prieto Barcelona estan confeccionats artesanalment a Barcelona utilitzant pell de gran qualitat.  Al ser un material natural, la pell pot tenir petites irregularitats i canvis de color que no s´apreciïn a les fotografies del producte. Aquests detalls fan de cada producte Prieto peces úniques i augmenten el seu valor.</p>
<p><b>COMPOSICIÓ</b>:<br />
PELL DE FINRACCOON</p>
<p>FOLRE TELA</p>
<p>&nbsp;</p>
<p><b>ADVERTENCIES</b>:<br />
NO RENTAR A MÀQUINA</p>
<p>NO RENTAR A MA</p>
<p>NETEJA A PELLETERIES ESPECIALITZADES</p>
<p>&nbsp;</p>
<p><a href="https://pielesprieto.es/ca/conservacio-manteniment-pelleteria/">Conèixer més sobre el manteniment de prendes de pelleteria</a></p>
<p>&nbsp;</p>

<p>Coll estil <strong>&#8220;mao&#8221;</strong>confeccionat en <strong>pell de renard bleu tenyit a color beig.</strong> Aquest accessori és ideal per realçar qualsevol peça que desitgis del teu vestidor.</p>

<!-- This site is optimized with the Yoast SEO plugin v20.9 - https://yoast.com/wordpress/plugins/seo/ -->
<title>COLL DE PELL &quot;MAO&quot; - Pieles Prieto</title>
<meta name="robots" content="index, follow, max-snippet:-1, max-image-preview:large, max-video-preview:-1" />
<link rel="canonical" href="https://pielesprieto.es/ca/producte/coll-de-pell-mao-renardbleu-beig/" />
<meta property="og:locale" content="ca_ES" />
<meta property="og:type" content="article" />
<meta property="og:title" content="COLL DE PELL &quot;MAO&quot; - Pieles Prieto" />
<meta property="og:description" content="Coll estil &quot;mao&quot;confeccionat en pell de renard bleu tenyit a color beig. Aquest accessori és ideal per realçar qualsevol peça que desitgis del teu vestidor." />
<meta property="og:url" content="https://pielesprieto.es/ca/producte/coll-de-pell-mao-renardbleu-beig/" />
<meta property="og:site_name" content="Pieles Prieto" />
<meta property="article:publisher" content="https://www.facebook.com/pielesprietobarcelona/" />
<meta property="article:modified_time" content="2019-12-09T17:11:35+00:00" />
<meta property="og:image" content="https://pielesprieto.es/wp-content/uploads/2019/12/pe-cuello-mao-renardbleu-beig-1_1000003299.jpg" />
	<meta property="og:image:width" content="1280" />
	<meta property="og:image:height" content="1280" />
	<meta property="og:image:type" content="image/jpeg" />
<meta name="twitter:card" content="summary_large_image" />
<meta name="twitter:site" content="@PielesPrieto" />
<meta name="twitter:label1" content="Temps estimat de lectura" />
	<meta name="twitter:data1" content="1 minut" />
<script type="application/ld+json" class="yoast-schema-graph">{"@context":"https://schema.org","@graph":[{"@type":"WebPage","@id":"https://pielesprieto.es/ca/producte/coll-de-pell-mao-renardbleu-beig/","url":"https://pielesprieto.es/ca/producte/coll-de-pell-mao-renardbleu-beig/","name":"COLL DE PELL \"MAO\" - Pieles Prieto","isPartOf":{"@id":"https://pielesprieto.es/#website"},"datePublished":"2019-12-09T16:31:00+00:00","dateModified":"2019-12-09T17:11:35+00:00","breadcrumb":{"@id":"https://pielesprieto.es/ca/producte/coll-de-pell-mao-renardbleu-beig/#breadcrumb"},"inLanguage":"ca","potentialAction":[{"@type":"ReadAction","target":["https://pielesprieto.es/ca/producte/coll-de-pell-mao-renardbleu-beig/"]}]},{"@type":"BreadcrumbList","@id":"https://pielesprieto.es/ca/producte/coll-de-pell-mao-renardbleu-beig/#breadcrumb","itemListElement":[{"@type":"ListItem","position":1,"name":"Portada","item":"https://pielesprieto.es/ca/inici/"},{"@type":"ListItem","position":2,"name":"EShop","item":"https://pielesprieto.es/ca/?page_id=4849"},{"@type":"ListItem","position":3,"name":"COLL DE PELL &#8220;MAO&#8221;"}]},{"@type":"WebSite","@id":"https://pielesprieto.es/#website","url":"https://pielesprieto.es/","name":"Pieles Prieto","description":"Pieles Prieto","potentialAction":[{"@type":"SearchAction","target":{"@type":"EntryPoint","urlTemplate":"https://pielesprieto.es/?s={search_term_string}"},"query-input":"required name=search_term_string"}],"inLanguage":"ca"}]}</script>
<!-- / Yoast SEO plugin. -->

Coll estil "mao"confeccionat en pell de renard bleu tenyit a color beig. Aquest accessori és ideal per realçar qualsevol peça que desitgis del teu vestidor.
