{"id":5814,"date":"2019-12-09T12:26:00","date_gmt":"2019-12-09T10:26:00","guid":{"rendered":"https:\/\/pielesprieto.es\/product\/barret-de-pell-astrakan-negre\/"},"modified":"2019-12-11T10:53:53","modified_gmt":"2019-12-11T08:53:53","slug":"barret-de-pell-astrakan-negre","status":"publish","type":"product","link":"https:\/\/pielesprieto.es\/ca\/producte\/barret-de-pell-astrakan-negre\/","title":{"rendered":"BARRET DE PELL ASTRAKAN"},"content":{"rendered":"<p>Barret de pell confeccionat <strong>en astrakan<\/strong>. <strong>Color negre<\/strong>. Aquest complement \u00e9s un model de <strong>talla \u00fanica<\/strong> pensat per gaudir del caliu i el benestar que proporciona all\u00f2 que \u00e9s aut\u00e8ntic. Aquest model est\u00e0 disponible en <strong>diferents colors i tipus de pell.<\/strong> Si no trobes el color que desitjes, consulta\u00b4ns.<\/p>\n<p>Complement atemporal i elegant per rematar els teus millor looks durant els dies m\u00e9s freds de l\u00b4any. Deixa\u00b4t captivar per l\u00b4encant i la eleg\u00e0ncia d\u00b4aquest accesori.<\/p>\n<p>Els complements de Prieto Barcelona estan confeccionats amb pells de gran qualitat. Al ser un material natural, la pell pot tenir petites irregularitats que no s\u00b4apreci\u00efn a les fotografies del producte. Aquests detalls fan de cada producte Prieto peces \u00faniques.<\/p>\n<p>&nbsp;<\/p>\n<p><b>COMPOSICI\u00d3<\/b>:<br \/>\n100% ASTRAKAN<\/p>\n<p><b>ADVERTENCIES<\/b>:<br \/>\nNO RENTAR A M\u00c0QUINA<\/p>\n<p>NO RENTAR A MA<\/p>\n<p>NETEJA A PELLETERIES ESPECIALITZADES<\/p>\n<p>&nbsp;<\/p>\n<p><a href=\"https:\/\/pielesprieto.es\/ca\/conservacio-manteniment-pelleteria\/\">Con\u00e8ixer m\u00e9s sobre el manteniment de prendes de pelleteria<\/a><\/p>\n<p>&nbsp;<\/p>\n","protected":false},"excerpt":{"rendered":"<p>Barret de pell confeccionat <strong>en astrakan<\/strong>. <strong>Color negre<\/strong>. Aquest complement \u00e9s un model de <strong>talla \u00fanica<\/strong> pensat per gaudir del caliu i el benestar que proporciona all\u00f2 que \u00e9s aut\u00e8ntic.<\/p>\n","protected":false},"featured_media":5790,"comment_status":"closed","ping_status":"closed","template":"","meta":[],"product_cat":[562],"product_tag":[563,565,566,452,473,513],"yoast_head":"<!-- This site is optimized with the Yoast SEO plugin v20.9 - https:\/\/yoast.com\/wordpress\/plugins\/seo\/ -->\n<title>BARRET DE PELL ASTRAKAN - Pieles Prieto<\/title>\n<meta name=\"robots\" content=\"index, follow, max-snippet:-1, max-image-preview:large, max-video-preview:-1\" \/>\n<link rel=\"canonical\" href=\"https:\/\/pielesprieto.es\/ca\/producte\/barret-de-pell-astrakan-negre\/\" \/>\n<meta property=\"og:locale\" content=\"ca_ES\" \/>\n<meta property=\"og:type\" content=\"article\" \/>\n<meta property=\"og:title\" content=\"BARRET DE PELL ASTRAKAN - Pieles Prieto\" \/>\n<meta property=\"og:description\" content=\"Barret de pell confeccionat en astrakan. Color negre. Aquest complement \u00e9s un model de talla \u00fanica pensat per gaudir del caliu i el benestar que proporciona all\u00f2 que \u00e9s aut\u00e8ntic.\" \/>\n<meta property=\"og:url\" content=\"https:\/\/pielesprieto.es\/ca\/producte\/barret-de-pell-astrakan-negre\/\" \/>\n<meta property=\"og:site_name\" content=\"Pieles Prieto\" \/>\n<meta property=\"article:publisher\" content=\"https:\/\/www.facebook.com\/pielesprietobarcelona\/\" \/>\n<meta property=\"article:modified_time\" content=\"2019-12-11T08:53:53+00:00\" \/>\n<meta property=\"og:image\" content=\"https:\/\/pielesprieto.es\/wp-content\/uploads\/2019\/12\/pe-sombrero-negro-3_1000002939.jpg\" \/>\n\t<meta property=\"og:image:width\" content=\"1280\" \/>\n\t<meta property=\"og:image:height\" content=\"912\" \/>\n\t<meta property=\"og:image:type\" content=\"image\/jpeg\" \/>\n<meta name=\"twitter:card\" content=\"summary_large_image\" \/>\n<meta name=\"twitter:site\" content=\"@PielesPrieto\" \/>\n<meta name=\"twitter:label1\" content=\"Temps estimat de lectura\" \/>\n\t<meta name=\"twitter:data1\" content=\"1 minut\" \/>\n<script type=\"application\/ld+json\" class=\"yoast-schema-graph\">{\"@context\":\"https:\/\/schema.org\",\"@graph\":[{\"@type\":\"WebPage\",\"@id\":\"https:\/\/pielesprieto.es\/ca\/producte\/barret-de-pell-astrakan-negre\/\",\"url\":\"https:\/\/pielesprieto.es\/ca\/producte\/barret-de-pell-astrakan-negre\/\",\"name\":\"BARRET DE PELL ASTRAKAN - Pieles Prieto\",\"isPartOf\":{\"@id\":\"https:\/\/pielesprieto.es\/#website\"},\"datePublished\":\"2019-12-09T10:26:00+00:00\",\"dateModified\":\"2019-12-11T08:53:53+00:00\",\"breadcrumb\":{\"@id\":\"https:\/\/pielesprieto.es\/ca\/producte\/barret-de-pell-astrakan-negre\/#breadcrumb\"},\"inLanguage\":\"ca\",\"potentialAction\":[{\"@type\":\"ReadAction\",\"target\":[\"https:\/\/pielesprieto.es\/ca\/producte\/barret-de-pell-astrakan-negre\/\"]}]},{\"@type\":\"BreadcrumbList\",\"@id\":\"https:\/\/pielesprieto.es\/ca\/producte\/barret-de-pell-astrakan-negre\/#breadcrumb\",\"itemListElement\":[{\"@type\":\"ListItem\",\"position\":1,\"name\":\"Portada\",\"item\":\"https:\/\/pielesprieto.es\/ca\/inici\/\"},{\"@type\":\"ListItem\",\"position\":2,\"name\":\"EShop\",\"item\":\"https:\/\/pielesprieto.es\/ca\/?page_id=4849\"},{\"@type\":\"ListItem\",\"position\":3,\"name\":\"BARRET DE PELL ASTRAKAN\"}]},{\"@type\":\"WebSite\",\"@id\":\"https:\/\/pielesprieto.es\/#website\",\"url\":\"https:\/\/pielesprieto.es\/\",\"name\":\"Pieles Prieto\",\"description\":\"Pieles Prieto\",\"potentialAction\":[{\"@type\":\"SearchAction\",\"target\":{\"@type\":\"EntryPoint\",\"urlTemplate\":\"https:\/\/pielesprieto.es\/?s={search_term_string}\"},\"query-input\":\"required name=search_term_string\"}],\"inLanguage\":\"ca\"}]}<\/script>\n<!-- \/ Yoast SEO plugin. -->","yoast_head_json":{"title":"BARRET DE PELL ASTRAKAN - Pieles Prieto","robots":{"index":"index","follow":"follow","max-snippet":"max-snippet:-1","max-image-preview":"max-image-preview:large","max-video-preview":"max-video-preview:-1"},"canonical":"https:\/\/pielesprieto.es\/ca\/producte\/barret-de-pell-astrakan-negre\/","og_locale":"ca_ES","og_type":"article","og_title":"BARRET DE PELL ASTRAKAN - Pieles Prieto","og_description":"Barret de pell confeccionat en astrakan. Color negre. Aquest complement \u00e9s un model de talla \u00fanica pensat per gaudir del caliu i el benestar que proporciona all\u00f2 que \u00e9s aut\u00e8ntic.","og_url":"https:\/\/pielesprieto.es\/ca\/producte\/barret-de-pell-astrakan-negre\/","og_site_name":"Pieles Prieto","article_publisher":"https:\/\/www.facebook.com\/pielesprietobarcelona\/","article_modified_time":"2019-12-11T08:53:53+00:00","og_image":[{"width":1280,"height":912,"url":"https:\/\/pielesprieto.es\/wp-content\/uploads\/2019\/12\/pe-sombrero-negro-3_1000002939.jpg","type":"image\/jpeg"}],"twitter_card":"summary_large_image","twitter_site":"@PielesPrieto","twitter_misc":{"Temps estimat de lectura":"1 minut"},"schema":{"@context":"https:\/\/schema.org","@graph":[{"@type":"WebPage","@id":"https:\/\/pielesprieto.es\/ca\/producte\/barret-de-pell-astrakan-negre\/","url":"https:\/\/pielesprieto.es\/ca\/producte\/barret-de-pell-astrakan-negre\/","name":"BARRET DE PELL ASTRAKAN - Pieles Prieto","isPartOf":{"@id":"https:\/\/pielesprieto.es\/#website"},"datePublished":"2019-12-09T10:26:00+00:00","dateModified":"2019-12-11T08:53:53+00:00","breadcrumb":{"@id":"https:\/\/pielesprieto.es\/ca\/producte\/barret-de-pell-astrakan-negre\/#breadcrumb"},"inLanguage":"ca","potentialAction":[{"@type":"ReadAction","target":["https:\/\/pielesprieto.es\/ca\/producte\/barret-de-pell-astrakan-negre\/"]}]},{"@type":"BreadcrumbList","@id":"https:\/\/pielesprieto.es\/ca\/producte\/barret-de-pell-astrakan-negre\/#breadcrumb","itemListElement":[{"@type":"ListItem","position":1,"name":"Portada","item":"https:\/\/pielesprieto.es\/ca\/inici\/"},{"@type":"ListItem","position":2,"name":"EShop","item":"https:\/\/pielesprieto.es\/ca\/?page_id=4849"},{"@type":"ListItem","position":3,"name":"BARRET DE PELL ASTRAKAN"}]},{"@type":"WebSite","@id":"https:\/\/pielesprieto.es\/#website","url":"https:\/\/pielesprieto.es\/","name":"Pieles Prieto","description":"Pieles Prieto","potentialAction":[{"@type":"SearchAction","target":{"@type":"EntryPoint","urlTemplate":"https:\/\/pielesprieto.es\/?s={search_term_string}"},"query-input":"required name=search_term_string"}],"inLanguage":"ca"}]}},"_links":{"self":[{"href":"https:\/\/pielesprieto.es\/ca\/wp-json\/wp\/v2\/product\/5814"}],"collection":[{"href":"https:\/\/pielesprieto.es\/ca\/wp-json\/wp\/v2\/product"}],"about":[{"href":"https:\/\/pielesprieto.es\/ca\/wp-json\/wp\/v2\/types\/product"}],"replies":[{"embeddable":true,"href":"https:\/\/pielesprieto.es\/ca\/wp-json\/wp\/v2\/comments?post=5814"}],"wp:featuredmedia":[{"embeddable":true,"href":"https:\/\/pielesprieto.es\/ca\/wp-json\/wp\/v2\/media\/5790"}],"wp:attachment":[{"href":"https:\/\/pielesprieto.es\/ca\/wp-json\/wp\/v2\/media?parent=5814"}],"wp:term":[{"taxonomy":"product_cat","embeddable":true,"href":"https:\/\/pielesprieto.es\/ca\/wp-json\/wp\/v2\/product_cat?post=5814"},{"taxonomy":"product_tag","embeddable":true,"href":"https:\/\/pielesprieto.es\/ca\/wp-json\/wp\/v2\/product_tag?post=5814"}],"curies":[{"name":"wp","href":"https:\/\/api.w.org\/{rel}","templated":true}]}}

<p>Barret de pell confeccionat <strong>en astrakan</strong>. <strong>Color negre</strong>. Aquest complement és un model de <strong>talla única</strong> pensat per gaudir del caliu i el benestar que proporciona allò que és autèntic. Aquest model està disponible en <strong>diferents colors i tipus de pell.</strong> Si no trobes el color que desitjes, consulta´ns.</p>
<p>Complement atemporal i elegant per rematar els teus millor looks durant els dies més freds de l´any. Deixa´t captivar per l´encant i la elegància d´aquest accesori.</p>
<p>Els complements de Prieto Barcelona estan confeccionats amb pells de gran qualitat. Al ser un material natural, la pell pot tenir petites irregularitats que no s´apreciïn a les fotografies del producte. Aquests detalls fan de cada producte Prieto peces úniques.</p>
<p>&nbsp;</p>
<p><b>COMPOSICIÓ</b>:<br />
100% ASTRAKAN</p>
<p><b>ADVERTENCIES</b>:<br />
NO RENTAR A MÀQUINA</p>
<p>NO RENTAR A MA</p>
<p>NETEJA A PELLETERIES ESPECIALITZADES</p>
<p>&nbsp;</p>
<p><a href="https://pielesprieto.es/ca/conservacio-manteniment-pelleteria/">Conèixer més sobre el manteniment de prendes de pelleteria</a></p>
<p>&nbsp;</p>

<p>Barret de pell confeccionat <strong>en astrakan</strong>. <strong>Color negre</strong>. Aquest complement és un model de <strong>talla única</strong> pensat per gaudir del caliu i el benestar que proporciona allò que és autèntic.</p>

<!-- This site is optimized with the Yoast SEO plugin v20.9 - https://yoast.com/wordpress/plugins/seo/ -->
<title>BARRET DE PELL ASTRAKAN - Pieles Prieto</title>
<meta name="robots" content="index, follow, max-snippet:-1, max-image-preview:large, max-video-preview:-1" />
<link rel="canonical" href="https://pielesprieto.es/ca/producte/barret-de-pell-astrakan-negre/" />
<meta property="og:locale" content="ca_ES" />
<meta property="og:type" content="article" />
<meta property="og:title" content="BARRET DE PELL ASTRAKAN - Pieles Prieto" />
<meta property="og:description" content="Barret de pell confeccionat en astrakan. Color negre. Aquest complement és un model de talla única pensat per gaudir del caliu i el benestar que proporciona allò que és autèntic." />
<meta property="og:url" content="https://pielesprieto.es/ca/producte/barret-de-pell-astrakan-negre/" />
<meta property="og:site_name" content="Pieles Prieto" />
<meta property="article:publisher" content="https://www.facebook.com/pielesprietobarcelona/" />
<meta property="article:modified_time" content="2019-12-11T08:53:53+00:00" />
<meta property="og:image" content="https://pielesprieto.es/wp-content/uploads/2019/12/pe-sombrero-negro-3_1000002939.jpg" />
	<meta property="og:image:width" content="1280" />
	<meta property="og:image:height" content="912" />
	<meta property="og:image:type" content="image/jpeg" />
<meta name="twitter:card" content="summary_large_image" />
<meta name="twitter:site" content="@PielesPrieto" />
<meta name="twitter:label1" content="Temps estimat de lectura" />
	<meta name="twitter:data1" content="1 minut" />
<script type="application/ld+json" class="yoast-schema-graph">{"@context":"https://schema.org","@graph":[{"@type":"WebPage","@id":"https://pielesprieto.es/ca/producte/barret-de-pell-astrakan-negre/","url":"https://pielesprieto.es/ca/producte/barret-de-pell-astrakan-negre/","name":"BARRET DE PELL ASTRAKAN - Pieles Prieto","isPartOf":{"@id":"https://pielesprieto.es/#website"},"datePublished":"2019-12-09T10:26:00+00:00","dateModified":"2019-12-11T08:53:53+00:00","breadcrumb":{"@id":"https://pielesprieto.es/ca/producte/barret-de-pell-astrakan-negre/#breadcrumb"},"inLanguage":"ca","potentialAction":[{"@type":"ReadAction","target":["https://pielesprieto.es/ca/producte/barret-de-pell-astrakan-negre/"]}]},{"@type":"BreadcrumbList","@id":"https://pielesprieto.es/ca/producte/barret-de-pell-astrakan-negre/#breadcrumb","itemListElement":[{"@type":"ListItem","position":1,"name":"Portada","item":"https://pielesprieto.es/ca/inici/"},{"@type":"ListItem","position":2,"name":"EShop","item":"https://pielesprieto.es/ca/?page_id=4849"},{"@type":"ListItem","position":3,"name":"BARRET DE PELL ASTRAKAN"}]},{"@type":"WebSite","@id":"https://pielesprieto.es/#website","url":"https://pielesprieto.es/","name":"Pieles Prieto","description":"Pieles Prieto","potentialAction":[{"@type":"SearchAction","target":{"@type":"EntryPoint","urlTemplate":"https://pielesprieto.es/?s={search_term_string}"},"query-input":"required name=search_term_string"}],"inLanguage":"ca"}]}</script>
<!-- / Yoast SEO plugin. -->

Barret de pell confeccionat en astrakan. Color negre. Aquest complement és un model de talla única pensat per gaudir del caliu i el benestar que proporciona allò que és autèntic.
