{"id":5312,"date":"2019-12-04T13:00:37","date_gmt":"2019-12-04T11:00:37","guid":{"rendered":"https:\/\/pielesprieto.es\/product\/bolso-pell-astrakan\/"},"modified":"2019-12-11T10:52:09","modified_gmt":"2019-12-11T08:52:09","slug":"bolso-pell-astrakan","status":"publish","type":"product","link":"https:\/\/pielesprieto.es\/ca\/producte\/bolso-pell-astrakan\/","title":{"rendered":"BOLSO PELL ASTRAKAN"},"content":{"rendered":"<p>Bolso de pelleteria confeccionat en pell d\u00b4<strong>astrakan<\/strong>. Model de <strong>talla \u00fanica<\/strong>. Diseny funcional i elegant que far\u00e0 lluir tot el seu vestuari. Est\u00e0 treballat artesanalment en diferents tons de marr\u00f3. Aquest model est\u00e0 disponible igualment en altres tipus de pell. Si no trobes el color que busques, contacta\u00b4ns.<\/p>\n<p>\u00c9s un complement exclusiu que permet ressaltar qualsevol pe\u00e7a que tinguis en el teu fons d\u00b4armari. Combina la eleg\u00e0ncia que proporciona aquest accessori per obtenir els teus millors looks. <span class=\"Apple-converted-space\">\u00a0<\/span><\/p>\n<p>Els complements de Prieto Barcelona estan confeccionats amb pells de gran qualitat. Al ser un material natural, la pell pot tenir petites irregularitats que no s\u00b4apreci\u00efn a les fotografies del producte. Aquests detalls fan de cada producte Prieto peces \u00faniques.<span class=\"Apple-converted-space\">\u00a0<\/span><\/p>\n<p>&nbsp;<\/p>\n<p><b>MIDES:<\/b><\/p>\n<p>27 cmts (ample) x 20 cmts (alt)<\/p>\n<p><b>COMPOSICI\u00d3:<\/b><\/p>\n<p>100% PELL ASTRAKAN<\/p>\n<p>&nbsp;<\/p>\n<p><b>ADVERT\u00c8NCIES:<\/b><\/p>\n<p>NO RENTAR A M\u00c0QUINA<\/p>\n<p>NO RENTAR A M\u00c0<\/p>\n<p>NETEJA A PELLETERIES ESPECIALITZADES<\/p>\n<p>&nbsp;<\/p>\n<p><a href=\"https:\/\/pielesprieto.es\/ca\/conservacio-manteniment-pelleteria\/\"><b>Con\u00e8ixer m\u00e9s sobre el manteniment de les peces de pelleteria<\/b><\/a><\/p>\n","protected":false},"excerpt":{"rendered":"<p>Bolso de pelleteria confeccionat en <strong>pell d\u00b4astrakan<\/strong>. Model de <strong>talla \u00fanica.<\/strong> Diseny funcional i elegant que far\u00e0 lluir tot el seu vestuari. Disponible en diferents tipus de pell.<\/p>\n","protected":false},"featured_media":5295,"comment_status":"closed","ping_status":"closed","template":"","meta":[],"product_cat":[461],"product_tag":[493,492,471,473],"yoast_head":"<!-- This site is optimized with the Yoast SEO plugin v20.9 - https:\/\/yoast.com\/wordpress\/plugins\/seo\/ -->\n<title>BOLSO PELL ASTRAKAN - Pieles Prieto<\/title>\n<meta name=\"robots\" content=\"index, follow, max-snippet:-1, max-image-preview:large, max-video-preview:-1\" \/>\n<link rel=\"canonical\" href=\"https:\/\/pielesprieto.es\/ca\/producte\/bolso-pell-astrakan\/\" \/>\n<meta property=\"og:locale\" content=\"ca_ES\" \/>\n<meta property=\"og:type\" content=\"article\" \/>\n<meta property=\"og:title\" content=\"BOLSO PELL ASTRAKAN - Pieles Prieto\" \/>\n<meta property=\"og:description\" content=\"Bolso de pelleteria confeccionat en pell d\u00b4astrakan. Model de talla \u00fanica. Diseny funcional i elegant que far\u00e0 lluir tot el seu vestuari. Disponible en diferents tipus de pell.\" \/>\n<meta property=\"og:url\" content=\"https:\/\/pielesprieto.es\/ca\/producte\/bolso-pell-astrakan\/\" \/>\n<meta property=\"og:site_name\" content=\"Pieles Prieto\" \/>\n<meta property=\"article:publisher\" content=\"https:\/\/www.facebook.com\/pielesprietobarcelona\/\" \/>\n<meta property=\"article:modified_time\" content=\"2019-12-11T08:52:09+00:00\" \/>\n<meta property=\"og:image\" content=\"https:\/\/pielesprieto.es\/wp-content\/uploads\/2019\/12\/pe-bolso-brigitte-astrakan_1000003797.jpg\" \/>\n\t<meta property=\"og:image:width\" content=\"1280\" \/>\n\t<meta property=\"og:image:height\" content=\"1280\" \/>\n\t<meta property=\"og:image:type\" content=\"image\/jpeg\" \/>\n<meta name=\"twitter:card\" content=\"summary_large_image\" \/>\n<meta name=\"twitter:site\" content=\"@PielesPrieto\" \/>\n<meta name=\"twitter:label1\" content=\"Temps estimat de lectura\" \/>\n\t<meta name=\"twitter:data1\" content=\"1 minut\" \/>\n<script type=\"application\/ld+json\" class=\"yoast-schema-graph\">{\"@context\":\"https:\/\/schema.org\",\"@graph\":[{\"@type\":\"WebPage\",\"@id\":\"https:\/\/pielesprieto.es\/ca\/producte\/bolso-pell-astrakan\/\",\"url\":\"https:\/\/pielesprieto.es\/ca\/producte\/bolso-pell-astrakan\/\",\"name\":\"BOLSO PELL ASTRAKAN - Pieles Prieto\",\"isPartOf\":{\"@id\":\"https:\/\/pielesprieto.es\/#website\"},\"datePublished\":\"2019-12-04T11:00:37+00:00\",\"dateModified\":\"2019-12-11T08:52:09+00:00\",\"breadcrumb\":{\"@id\":\"https:\/\/pielesprieto.es\/ca\/producte\/bolso-pell-astrakan\/#breadcrumb\"},\"inLanguage\":\"ca\",\"potentialAction\":[{\"@type\":\"ReadAction\",\"target\":[\"https:\/\/pielesprieto.es\/ca\/producte\/bolso-pell-astrakan\/\"]}]},{\"@type\":\"BreadcrumbList\",\"@id\":\"https:\/\/pielesprieto.es\/ca\/producte\/bolso-pell-astrakan\/#breadcrumb\",\"itemListElement\":[{\"@type\":\"ListItem\",\"position\":1,\"name\":\"Portada\",\"item\":\"https:\/\/pielesprieto.es\/ca\/inici\/\"},{\"@type\":\"ListItem\",\"position\":2,\"name\":\"EShop\",\"item\":\"https:\/\/pielesprieto.es\/ca\/?page_id=4849\"},{\"@type\":\"ListItem\",\"position\":3,\"name\":\"BOLSO PELL ASTRAKAN\"}]},{\"@type\":\"WebSite\",\"@id\":\"https:\/\/pielesprieto.es\/#website\",\"url\":\"https:\/\/pielesprieto.es\/\",\"name\":\"Pieles Prieto\",\"description\":\"Pieles Prieto\",\"potentialAction\":[{\"@type\":\"SearchAction\",\"target\":{\"@type\":\"EntryPoint\",\"urlTemplate\":\"https:\/\/pielesprieto.es\/?s={search_term_string}\"},\"query-input\":\"required name=search_term_string\"}],\"inLanguage\":\"ca\"}]}<\/script>\n<!-- \/ Yoast SEO plugin. -->","yoast_head_json":{"title":"BOLSO PELL ASTRAKAN - Pieles Prieto","robots":{"index":"index","follow":"follow","max-snippet":"max-snippet:-1","max-image-preview":"max-image-preview:large","max-video-preview":"max-video-preview:-1"},"canonical":"https:\/\/pielesprieto.es\/ca\/producte\/bolso-pell-astrakan\/","og_locale":"ca_ES","og_type":"article","og_title":"BOLSO PELL ASTRAKAN - Pieles Prieto","og_description":"Bolso de pelleteria confeccionat en pell d\u00b4astrakan. Model de talla \u00fanica. Diseny funcional i elegant que far\u00e0 lluir tot el seu vestuari. Disponible en diferents tipus de pell.","og_url":"https:\/\/pielesprieto.es\/ca\/producte\/bolso-pell-astrakan\/","og_site_name":"Pieles Prieto","article_publisher":"https:\/\/www.facebook.com\/pielesprietobarcelona\/","article_modified_time":"2019-12-11T08:52:09+00:00","og_image":[{"width":1280,"height":1280,"url":"https:\/\/pielesprieto.es\/wp-content\/uploads\/2019\/12\/pe-bolso-brigitte-astrakan_1000003797.jpg","type":"image\/jpeg"}],"twitter_card":"summary_large_image","twitter_site":"@PielesPrieto","twitter_misc":{"Temps estimat de lectura":"1 minut"},"schema":{"@context":"https:\/\/schema.org","@graph":[{"@type":"WebPage","@id":"https:\/\/pielesprieto.es\/ca\/producte\/bolso-pell-astrakan\/","url":"https:\/\/pielesprieto.es\/ca\/producte\/bolso-pell-astrakan\/","name":"BOLSO PELL ASTRAKAN - Pieles Prieto","isPartOf":{"@id":"https:\/\/pielesprieto.es\/#website"},"datePublished":"2019-12-04T11:00:37+00:00","dateModified":"2019-12-11T08:52:09+00:00","breadcrumb":{"@id":"https:\/\/pielesprieto.es\/ca\/producte\/bolso-pell-astrakan\/#breadcrumb"},"inLanguage":"ca","potentialAction":[{"@type":"ReadAction","target":["https:\/\/pielesprieto.es\/ca\/producte\/bolso-pell-astrakan\/"]}]},{"@type":"BreadcrumbList","@id":"https:\/\/pielesprieto.es\/ca\/producte\/bolso-pell-astrakan\/#breadcrumb","itemListElement":[{"@type":"ListItem","position":1,"name":"Portada","item":"https:\/\/pielesprieto.es\/ca\/inici\/"},{"@type":"ListItem","position":2,"name":"EShop","item":"https:\/\/pielesprieto.es\/ca\/?page_id=4849"},{"@type":"ListItem","position":3,"name":"BOLSO PELL ASTRAKAN"}]},{"@type":"WebSite","@id":"https:\/\/pielesprieto.es\/#website","url":"https:\/\/pielesprieto.es\/","name":"Pieles Prieto","description":"Pieles Prieto","potentialAction":[{"@type":"SearchAction","target":{"@type":"EntryPoint","urlTemplate":"https:\/\/pielesprieto.es\/?s={search_term_string}"},"query-input":"required name=search_term_string"}],"inLanguage":"ca"}]}},"_links":{"self":[{"href":"https:\/\/pielesprieto.es\/ca\/wp-json\/wp\/v2\/product\/5312"}],"collection":[{"href":"https:\/\/pielesprieto.es\/ca\/wp-json\/wp\/v2\/product"}],"about":[{"href":"https:\/\/pielesprieto.es\/ca\/wp-json\/wp\/v2\/types\/product"}],"replies":[{"embeddable":true,"href":"https:\/\/pielesprieto.es\/ca\/wp-json\/wp\/v2\/comments?post=5312"}],"wp:featuredmedia":[{"embeddable":true,"href":"https:\/\/pielesprieto.es\/ca\/wp-json\/wp\/v2\/media\/5295"}],"wp:attachment":[{"href":"https:\/\/pielesprieto.es\/ca\/wp-json\/wp\/v2\/media?parent=5312"}],"wp:term":[{"taxonomy":"product_cat","embeddable":true,"href":"https:\/\/pielesprieto.es\/ca\/wp-json\/wp\/v2\/product_cat?post=5312"},{"taxonomy":"product_tag","embeddable":true,"href":"https:\/\/pielesprieto.es\/ca\/wp-json\/wp\/v2\/product_tag?post=5312"}],"curies":[{"name":"wp","href":"https:\/\/api.w.org\/{rel}","templated":true}]}}

<p>Bolso de pelleteria confeccionat en pell d´<strong>astrakan</strong>. Model de <strong>talla única</strong>. Diseny funcional i elegant que farà lluir tot el seu vestuari. Està treballat artesanalment en diferents tons de marró. Aquest model està disponible igualment en altres tipus de pell. Si no trobes el color que busques, contacta´ns.</p>
<p>És un complement exclusiu que permet ressaltar qualsevol peça que tinguis en el teu fons d´armari. Combina la elegància que proporciona aquest accessori per obtenir els teus millors looks. <span class="Apple-converted-space"> </span></p>
<p>Els complements de Prieto Barcelona estan confeccionats amb pells de gran qualitat. Al ser un material natural, la pell pot tenir petites irregularitats que no s´apreciïn a les fotografies del producte. Aquests detalls fan de cada producte Prieto peces úniques.<span class="Apple-converted-space"> </span></p>
<p>&nbsp;</p>
<p><b>MIDES:</b></p>
<p>27 cmts (ample) x 20 cmts (alt)</p>
<p><b>COMPOSICIÓ:</b></p>
<p>100% PELL ASTRAKAN</p>
<p>&nbsp;</p>
<p><b>ADVERTÈNCIES:</b></p>
<p>NO RENTAR A MÀQUINA</p>
<p>NO RENTAR A MÀ</p>
<p>NETEJA A PELLETERIES ESPECIALITZADES</p>
<p>&nbsp;</p>
<p><a href="https://pielesprieto.es/ca/conservacio-manteniment-pelleteria/"><b>Conèixer més sobre el manteniment de les peces de pelleteria</b></a></p>

<p>Bolso de pelleteria confeccionat en <strong>pell d´astrakan</strong>. Model de <strong>talla única.</strong> Diseny funcional i elegant que farà lluir tot el seu vestuari. Disponible en diferents tipus de pell.</p>

<!-- This site is optimized with the Yoast SEO plugin v20.9 - https://yoast.com/wordpress/plugins/seo/ -->
<title>BOLSO PELL ASTRAKAN - Pieles Prieto</title>
<meta name="robots" content="index, follow, max-snippet:-1, max-image-preview:large, max-video-preview:-1" />
<link rel="canonical" href="https://pielesprieto.es/ca/producte/bolso-pell-astrakan/" />
<meta property="og:locale" content="ca_ES" />
<meta property="og:type" content="article" />
<meta property="og:title" content="BOLSO PELL ASTRAKAN - Pieles Prieto" />
<meta property="og:description" content="Bolso de pelleteria confeccionat en pell d´astrakan. Model de talla única. Diseny funcional i elegant que farà lluir tot el seu vestuari. Disponible en diferents tipus de pell." />
<meta property="og:url" content="https://pielesprieto.es/ca/producte/bolso-pell-astrakan/" />
<meta property="og:site_name" content="Pieles Prieto" />
<meta property="article:publisher" content="https://www.facebook.com/pielesprietobarcelona/" />
<meta property="article:modified_time" content="2019-12-11T08:52:09+00:00" />
<meta property="og:image" content="https://pielesprieto.es/wp-content/uploads/2019/12/pe-bolso-brigitte-astrakan_1000003797.jpg" />
	<meta property="og:image:width" content="1280" />
	<meta property="og:image:height" content="1280" />
	<meta property="og:image:type" content="image/jpeg" />
<meta name="twitter:card" content="summary_large_image" />
<meta name="twitter:site" content="@PielesPrieto" />
<meta name="twitter:label1" content="Temps estimat de lectura" />
	<meta name="twitter:data1" content="1 minut" />
<script type="application/ld+json" class="yoast-schema-graph">{"@context":"https://schema.org","@graph":[{"@type":"WebPage","@id":"https://pielesprieto.es/ca/producte/bolso-pell-astrakan/","url":"https://pielesprieto.es/ca/producte/bolso-pell-astrakan/","name":"BOLSO PELL ASTRAKAN - Pieles Prieto","isPartOf":{"@id":"https://pielesprieto.es/#website"},"datePublished":"2019-12-04T11:00:37+00:00","dateModified":"2019-12-11T08:52:09+00:00","breadcrumb":{"@id":"https://pielesprieto.es/ca/producte/bolso-pell-astrakan/#breadcrumb"},"inLanguage":"ca","potentialAction":[{"@type":"ReadAction","target":["https://pielesprieto.es/ca/producte/bolso-pell-astrakan/"]}]},{"@type":"BreadcrumbList","@id":"https://pielesprieto.es/ca/producte/bolso-pell-astrakan/#breadcrumb","itemListElement":[{"@type":"ListItem","position":1,"name":"Portada","item":"https://pielesprieto.es/ca/inici/"},{"@type":"ListItem","position":2,"name":"EShop","item":"https://pielesprieto.es/ca/?page_id=4849"},{"@type":"ListItem","position":3,"name":"BOLSO PELL ASTRAKAN"}]},{"@type":"WebSite","@id":"https://pielesprieto.es/#website","url":"https://pielesprieto.es/","name":"Pieles Prieto","description":"Pieles Prieto","potentialAction":[{"@type":"SearchAction","target":{"@type":"EntryPoint","urlTemplate":"https://pielesprieto.es/?s={search_term_string}"},"query-input":"required name=search_term_string"}],"inLanguage":"ca"}]}</script>
<!-- / Yoast SEO plugin. -->

Bolso de pelleteria confeccionat en pell d´astrakan. Model de talla única. Diseny funcional i elegant que farà lluir tot el seu vestuari. Disponible en diferents tipus de pell.
