{"id":5199,"date":"2019-10-16T09:58:31","date_gmt":"2019-10-16T07:58:31","guid":{"rendered":"https:\/\/pielesprieto.es\/product\/coll-pelleteria-finraccoon\/"},"modified":"2019-12-11T10:59:27","modified_gmt":"2019-12-11T08:59:27","slug":"coll-pelleteria-finraccoon","status":"publish","type":"product","link":"https:\/\/pielesprieto.es\/ca\/producte\/coll-pelleteria-finraccoon\/","title":{"rendered":"COLL DE PELLETERIA"},"content":{"rendered":"<p>Coll confeccionat en pell de finraccoon tenyida a color vermell. El seu <strong>tancament de velcro permet\u00a0<\/strong>colocar-lo de diferents maneres, convertint-lo en un complement pr\u00e0ctic i modern. Aquest preci\u00f3s accesori \u00e9s ideal per potenciar cualsevol look.<\/p>\n<p>Model de\u00a0<strong>talla \u00fanica<\/strong>. Aquest complement de pelleteria est\u00e0\u00a0<strong>disponible en diferents tipus de pell i color<\/strong>. Si vols aquest model en un altre tipus de pell o color, contacte amb nosaltres.<\/p>\n<p>Tots aquests productes de Prieto Barcelona estan confeccionats artesanalment a Barcelona utilitzant pell de gran qualitat.\u00a0 Al ser un material natural, la pell pot tenir petites irregularitats i canvis de color que no s\u00b4apreci\u00efn a les fotografies del producte. Aquests detalls fan de cada producte Prieto peces \u00faniques i augmenten el seu valor.<\/p>\n<p><strong>COMPOSICI\u00d3<\/strong>:<br \/>\nPELL DE FINRACCOON<br \/>\nFOLRE TELA<\/p>\n<p><strong>ADVERTENCIES<\/strong>:<br \/>\nNO RENTAR A M\u00c0QUINA<br \/>\nNO RENTAR A MA<\/p>\n<p>NETEJA A PELLETERIES ESPECIALITZADES<\/p>\n<p><a href=\"https:\/\/pielesprieto.es\/ca\/conservacio-manteniment-pelleteria\/\">Con\u00e8ixer m\u00e9s sobre el manteniment de prendes de pelleteria<\/a><\/p>\n","protected":false},"excerpt":{"rendered":"<p>Coll vermell confeccionat en pell de finraccoon. Tancament de velcro que permet colocar-lo de diferents maneres. Model de talla \u00fanica. Disponible en diferents tipus de pell i color.<\/p>\n","protected":false},"featured_media":4450,"comment_status":"closed","ping_status":"closed","template":"","meta":[],"product_cat":[200],"product_tag":[450,451,449,452,453],"yoast_head":"<!-- This site is optimized with the Yoast SEO plugin v20.9 - https:\/\/yoast.com\/wordpress\/plugins\/seo\/ -->\n<title>Coll espectacular de pell vermell - Prieto Barcelona<\/title>\n<meta name=\"description\" content=\"Coll de pelleteria confeccionat en pell de finraccoon\" \/>\n<meta name=\"robots\" content=\"index, follow, max-snippet:-1, max-image-preview:large, max-video-preview:-1\" \/>\n<link rel=\"canonical\" href=\"https:\/\/pielesprieto.es\/ca\/producte\/coll-pelleteria-finraccoon\/\" \/>\n<meta property=\"og:locale\" content=\"ca_ES\" \/>\n<meta property=\"og:type\" content=\"article\" \/>\n<meta property=\"og:title\" content=\"Coll espectacular de pell vermell - Prieto Barcelona\" \/>\n<meta property=\"og:description\" content=\"Coll de pelleteria confeccionat en pell de finraccoon\" \/>\n<meta property=\"og:url\" content=\"https:\/\/pielesprieto.es\/ca\/producte\/coll-pelleteria-finraccoon\/\" \/>\n<meta property=\"og:site_name\" content=\"Pieles Prieto\" \/>\n<meta property=\"article:publisher\" content=\"https:\/\/www.facebook.com\/pielesprietobarcelona\/\" \/>\n<meta property=\"article:modified_time\" content=\"2019-12-11T08:59:27+00:00\" \/>\n<meta property=\"og:image\" content=\"https:\/\/pielesprieto.es\/wp-content\/uploads\/2019\/10\/complemento-cuello-zorro-1.jpg\" \/>\n\t<meta property=\"og:image:width\" content=\"639\" \/>\n\t<meta property=\"og:image:height\" content=\"852\" \/>\n\t<meta property=\"og:image:type\" content=\"image\/jpeg\" \/>\n<meta name=\"twitter:card\" content=\"summary_large_image\" \/>\n<meta name=\"twitter:site\" content=\"@PielesPrieto\" \/>\n<meta name=\"twitter:label1\" content=\"Temps estimat de lectura\" \/>\n\t<meta name=\"twitter:data1\" content=\"1 minut\" \/>\n<script type=\"application\/ld+json\" class=\"yoast-schema-graph\">{\"@context\":\"https:\/\/schema.org\",\"@graph\":[{\"@type\":\"WebPage\",\"@id\":\"https:\/\/pielesprieto.es\/ca\/producte\/coll-pelleteria-finraccoon\/\",\"url\":\"https:\/\/pielesprieto.es\/ca\/producte\/coll-pelleteria-finraccoon\/\",\"name\":\"Coll espectacular de pell vermell - Prieto Barcelona\",\"isPartOf\":{\"@id\":\"https:\/\/pielesprieto.es\/#website\"},\"datePublished\":\"2019-10-16T07:58:31+00:00\",\"dateModified\":\"2019-12-11T08:59:27+00:00\",\"description\":\"Coll de pelleteria confeccionat en pell de finraccoon\",\"breadcrumb\":{\"@id\":\"https:\/\/pielesprieto.es\/ca\/producte\/coll-pelleteria-finraccoon\/#breadcrumb\"},\"inLanguage\":\"ca\",\"potentialAction\":[{\"@type\":\"ReadAction\",\"target\":[\"https:\/\/pielesprieto.es\/ca\/producte\/coll-pelleteria-finraccoon\/\"]}]},{\"@type\":\"BreadcrumbList\",\"@id\":\"https:\/\/pielesprieto.es\/ca\/producte\/coll-pelleteria-finraccoon\/#breadcrumb\",\"itemListElement\":[{\"@type\":\"ListItem\",\"position\":1,\"name\":\"Portada\",\"item\":\"https:\/\/pielesprieto.es\/ca\/inici\/\"},{\"@type\":\"ListItem\",\"position\":2,\"name\":\"EShop\",\"item\":\"https:\/\/pielesprieto.es\/ca\/?page_id=4849\"},{\"@type\":\"ListItem\",\"position\":3,\"name\":\"COLL DE PELLETERIA\"}]},{\"@type\":\"WebSite\",\"@id\":\"https:\/\/pielesprieto.es\/#website\",\"url\":\"https:\/\/pielesprieto.es\/\",\"name\":\"Pieles Prieto\",\"description\":\"Pieles Prieto\",\"potentialAction\":[{\"@type\":\"SearchAction\",\"target\":{\"@type\":\"EntryPoint\",\"urlTemplate\":\"https:\/\/pielesprieto.es\/?s={search_term_string}\"},\"query-input\":\"required name=search_term_string\"}],\"inLanguage\":\"ca\"}]}<\/script>\n<!-- \/ Yoast SEO plugin. -->","yoast_head_json":{"title":"Coll espectacular de pell vermell - Prieto Barcelona","description":"Coll de pelleteria confeccionat en pell de finraccoon","robots":{"index":"index","follow":"follow","max-snippet":"max-snippet:-1","max-image-preview":"max-image-preview:large","max-video-preview":"max-video-preview:-1"},"canonical":"https:\/\/pielesprieto.es\/ca\/producte\/coll-pelleteria-finraccoon\/","og_locale":"ca_ES","og_type":"article","og_title":"Coll espectacular de pell vermell - Prieto Barcelona","og_description":"Coll de pelleteria confeccionat en pell de finraccoon","og_url":"https:\/\/pielesprieto.es\/ca\/producte\/coll-pelleteria-finraccoon\/","og_site_name":"Pieles Prieto","article_publisher":"https:\/\/www.facebook.com\/pielesprietobarcelona\/","article_modified_time":"2019-12-11T08:59:27+00:00","og_image":[{"width":639,"height":852,"url":"https:\/\/pielesprieto.es\/wp-content\/uploads\/2019\/10\/complemento-cuello-zorro-1.jpg","type":"image\/jpeg"}],"twitter_card":"summary_large_image","twitter_site":"@PielesPrieto","twitter_misc":{"Temps estimat de lectura":"1 minut"},"schema":{"@context":"https:\/\/schema.org","@graph":[{"@type":"WebPage","@id":"https:\/\/pielesprieto.es\/ca\/producte\/coll-pelleteria-finraccoon\/","url":"https:\/\/pielesprieto.es\/ca\/producte\/coll-pelleteria-finraccoon\/","name":"Coll espectacular de pell vermell - Prieto Barcelona","isPartOf":{"@id":"https:\/\/pielesprieto.es\/#website"},"datePublished":"2019-10-16T07:58:31+00:00","dateModified":"2019-12-11T08:59:27+00:00","description":"Coll de pelleteria confeccionat en pell de finraccoon","breadcrumb":{"@id":"https:\/\/pielesprieto.es\/ca\/producte\/coll-pelleteria-finraccoon\/#breadcrumb"},"inLanguage":"ca","potentialAction":[{"@type":"ReadAction","target":["https:\/\/pielesprieto.es\/ca\/producte\/coll-pelleteria-finraccoon\/"]}]},{"@type":"BreadcrumbList","@id":"https:\/\/pielesprieto.es\/ca\/producte\/coll-pelleteria-finraccoon\/#breadcrumb","itemListElement":[{"@type":"ListItem","position":1,"name":"Portada","item":"https:\/\/pielesprieto.es\/ca\/inici\/"},{"@type":"ListItem","position":2,"name":"EShop","item":"https:\/\/pielesprieto.es\/ca\/?page_id=4849"},{"@type":"ListItem","position":3,"name":"COLL DE PELLETERIA"}]},{"@type":"WebSite","@id":"https:\/\/pielesprieto.es\/#website","url":"https:\/\/pielesprieto.es\/","name":"Pieles Prieto","description":"Pieles Prieto","potentialAction":[{"@type":"SearchAction","target":{"@type":"EntryPoint","urlTemplate":"https:\/\/pielesprieto.es\/?s={search_term_string}"},"query-input":"required name=search_term_string"}],"inLanguage":"ca"}]}},"_links":{"self":[{"href":"https:\/\/pielesprieto.es\/ca\/wp-json\/wp\/v2\/product\/5199"}],"collection":[{"href":"https:\/\/pielesprieto.es\/ca\/wp-json\/wp\/v2\/product"}],"about":[{"href":"https:\/\/pielesprieto.es\/ca\/wp-json\/wp\/v2\/types\/product"}],"replies":[{"embeddable":true,"href":"https:\/\/pielesprieto.es\/ca\/wp-json\/wp\/v2\/comments?post=5199"}],"wp:featuredmedia":[{"embeddable":true,"href":"https:\/\/pielesprieto.es\/ca\/wp-json\/wp\/v2\/media\/4450"}],"wp:attachment":[{"href":"https:\/\/pielesprieto.es\/ca\/wp-json\/wp\/v2\/media?parent=5199"}],"wp:term":[{"taxonomy":"product_cat","embeddable":true,"href":"https:\/\/pielesprieto.es\/ca\/wp-json\/wp\/v2\/product_cat?post=5199"},{"taxonomy":"product_tag","embeddable":true,"href":"https:\/\/pielesprieto.es\/ca\/wp-json\/wp\/v2\/product_tag?post=5199"}],"curies":[{"name":"wp","href":"https:\/\/api.w.org\/{rel}","templated":true}]}}

<p>Coll confeccionat en pell de finraccoon tenyida a color vermell. El seu <strong>tancament de velcro permet </strong>colocar-lo de diferents maneres, convertint-lo en un complement pràctic i modern. Aquest preciós accesori és ideal per potenciar cualsevol look.</p>
<p>Model de <strong>talla única</strong>. Aquest complement de pelleteria està <strong>disponible en diferents tipus de pell i color</strong>. Si vols aquest model en un altre tipus de pell o color, contacte amb nosaltres.</p>
<p>Tots aquests productes de Prieto Barcelona estan confeccionats artesanalment a Barcelona utilitzant pell de gran qualitat.  Al ser un material natural, la pell pot tenir petites irregularitats i canvis de color que no s´apreciïn a les fotografies del producte. Aquests detalls fan de cada producte Prieto peces úniques i augmenten el seu valor.</p>
<p><strong>COMPOSICIÓ</strong>:<br />
PELL DE FINRACCOON<br />
FOLRE TELA</p>
<p><strong>ADVERTENCIES</strong>:<br />
NO RENTAR A MÀQUINA<br />
NO RENTAR A MA</p>
<p>NETEJA A PELLETERIES ESPECIALITZADES</p>
<p><a href="https://pielesprieto.es/ca/conservacio-manteniment-pelleteria/">Conèixer més sobre el manteniment de prendes de pelleteria</a></p>

<p>Coll vermell confeccionat en pell de finraccoon. Tancament de velcro que permet colocar-lo de diferents maneres. Model de talla única. Disponible en diferents tipus de pell i color.</p>
