{"id":2922,"date":"2018-12-01T14:31:49","date_gmt":"2018-12-01T12:31:49","guid":{"rendered":"https:\/\/pielesprieto.es\/?page_id=2922"},"modified":"2018-12-01T14:33:31","modified_gmt":"2018-12-01T12:33:31","slug":"proteccio-de-dades","status":"publish","type":"page","link":"https:\/\/pielesprieto.es\/ca\/proteccio-de-dades\/","title":{"rendered":"Protecci\u00f3 de dades"},"content":{"rendered":"<h1><strong><u>POL\u00cdTICA DE PROTECCI\u00d3 DE DADES<\/u><\/strong><\/h1>\n<p>&nbsp;<\/p>\n<p>L&#8217;Adre\u00e7a \/ \u00d2rgan de Govern de <strong>PIELES PRIETO S.A.<\/strong> (d&#8217;ara endavant, el responsable del tractament), assumeix la m\u00e0xima responsabilitat i comprom\u00eds amb l&#8217;establiment, implementaci\u00f3 i manteniment de la present Pol\u00edtica de Protecci\u00f3 de Dades, garantint la millora cont\u00ednua del responsable del tractament amb l&#8217;objectiu d&#8217;aconseguir l&#8217;excel\u00b7l\u00e8ncia en relaci\u00f3 amb el compliment del Reglament (UE) 2016\/679 del Parlament Europeu i del Consell, de 27 d&#8217;abril de 2016, relatiu a la protecci\u00f3 de les persones f\u00edsiques pel que fa al tractament de dades personals i a la lliure circulaci\u00f3 d&#8217;aquestes dades i pel qual es deroga la Directiva 95\/46\/CE (Reglament general de protecci\u00f3 de dades) (DOUE\u00a0L 119\/1, 04-05-2016), i de la normativa espanyola de protecci\u00f3 de dades de car\u00e0cter personal (Llei Org\u00e0nica, legislaci\u00f3 sectorial espec\u00edfica i les seves normes de desenvolupament).<\/p>\n<p>&nbsp;<\/p>\n<p>La Pol\u00edtica de Protecci\u00f3 de Dades de <strong>PIELES PRIETO S.A.<\/strong> descansa en <u>el principi de responsabilitat proactiva<\/u>, segons el qual el responsable del tractament \u00e9s responsable del compliment del marc normatiu i jurisprudencial que governa aquesta Pol\u00edtica, i \u00e9s capa\u00e7 de demostrar-ho davant les autoritats de control competents.<\/p>\n<p>En tal sentit, el responsable del tractament es regir\u00e0 pels seg\u00fcents principis que han de servir a tot el seu personal com a guia i marc de refer\u00e8ncia en el tractament de dades personals:<br \/>\n<u><br \/>\n1. Protecci\u00f3 de dades des del disseny:<\/u> el responsable del tractament aplicar\u00e0, tant al moment de determinar els mitjans de tractament com al moment del mateix tractament, mesures t\u00e8cniques i organitzatives apropiades, com la\u00a0seudonimizaci\u00f3, concebudes per aplicar de forma efectiva els principis de protecci\u00f3 de dades, com la minimitzaci\u00f3 de dades, i integrar les garanties necess\u00e0ries en el tractament.<\/p>\n<ol start=\"2\">\n<li>\n<u> Protecci\u00f3 de dades per defecte<\/u>: el responsable del tractament aplicar\u00e0 les mesures t\u00e8cniques i organitzatives apropiades amb la intenci\u00f3 de garantir que, per defecte, solament\u00a0siguin objecte de tractament de les dades personals que siguin necess\u00e0ries per a cada un dels dins espec\u00edfics del tractament.<\/li>\n<\/ol>\n<p><u>\u00a0<\/u><\/p>\n<ol start=\"3\">\n<li><u> Protecci\u00f3 de dades en el cicle de vida de la informaci\u00f3:<\/u> les mesures que garanteixin la protecci\u00f3 de les dades personals seran aplicables durant el cicle complet de la vida de la informaci\u00f3.<u>\n<p>4. Licitud, lleialtat i transpar\u00e8ncia<\/u>: les dades personals seran tractats de manera l\u00edcita, lleial i transparent en relaci\u00f3 amb l&#8217;interessat.<\/li>\n<li><u><br \/>\nLimitaci\u00f3 de la finalitat: les dades personals seran recollits amb finalitats determinades, expl\u00edcits i leg\u00edtims, i no seran tractats ulteriorment de manera incompatible amb aquestes finalitats.<\/p>\n<p>6. Minimitzaci\u00f3 de dades<\/u>: les dades personals seran adequats, pertinents i limitats al necessari en relaci\u00f3 amb les finalitats pels quals s\u00f3n tractats.<\/li>\n<li><u><br \/>\nExactitud<\/u>: les dades personals seran exactes i, si fos necessari, actualitzats; s&#8217;adoptaran totes les mesures raonables perqu\u00e8 se suprimeixin o rectifiquin sense dilaci\u00f3 les dades personals que siguin inexactes pel que fa a les finalitats pels quals es tracten.<\/li>\n<li><u><br \/>\nLimitaci\u00f3 del termini de conservaci\u00f3<\/u>: les dades personals seran mantingudes de manera que es permeti la identificaci\u00f3 dels interessats durant\u00a0no m\u00e9s\u00a0del temps del necessari per a les finalitats del tractament de les dades personals.<\/li>\n<li><u><br \/>\nIntegritat i confidencialitat<\/u>: les dades personals seran tractats de tal manera que es garanteixi una seguretat adequada de les dades personals, inclosa la protecci\u00f3 contra el tractament no autoritzat o il\u00b7l\u00edcit i contra la seva p\u00e8rdua, destrucci\u00f3 o dany accidental, mitjan\u00e7ant l&#8217;aplicaci\u00f3 de mesures t\u00e8cniques o organitzatives apropiades.<\/li>\n<li><u><br \/>\nInformaci\u00f3 i formaci\u00f3<\/u>: una de les claus per garantir la protecci\u00f3 de les dades personals \u00e9s la formaci\u00f3 i informaci\u00f3 que es faciliti al personal involucrat en el tractament\u00a0d&#8217;aquests. Durant el cicle de vida de la informaci\u00f3, tot el personal amb acc\u00e9s a les dades ser\u00e0 convenientment format i informat sobre les seves obligacions en relaci\u00f3 amb el compliment de la normativa de protecci\u00f3 de dades.<\/li>\n<\/ol>\n<p><u><br \/>\n<\/u>La Pol\u00edtica de Protecci\u00f3 de Dades de <strong>PIELES PRIETO S.A.<\/strong> \u00e9s comunicada a tot el personal del responsable del tractament i posada a la disposici\u00f3 de totes les parts interessades.<\/p>\n<p>&nbsp;<\/p>\n<p>En la seva conseq\u00fc\u00e8ncia, la present Pol\u00edtica de Protecci\u00f3 de Dades involucra a tot el personal del responsable del tractament, que ha de con\u00e8ixer-la i assumir-la, considerant-la com a pr\u00f2pia, sent cada membre responsable d&#8217;aplicar-la i de verificar les normes de protecci\u00f3 de dades aplicables a la seva activitat, aix\u00ed com identificar i aportar les oportunitats de millora que consideri oportunes amb l&#8217;objectiu d&#8217;aconseguir l&#8217;excel\u00b7l\u00e8ncia en relaci\u00f3 amb el seu compliment.<\/p>\n<p>Aquesta Pol\u00edtica ser\u00e0 revisada per l&#8217;Adre\u00e7a \/ \u00d2rgan de Govern de <strong>PIELES PRIETO S.A.<\/strong><strong>,<\/strong> tantes vegades com es consideri necessari, per adequar-se, a tot moment, a les disposicions vigents en mat\u00e8ria de protecci\u00f3 de dades de car\u00e0cter personal.<\/p>\n<p>&nbsp;<\/p>\n","protected":false},"excerpt":{"rendered":"<p>POL\u00cdTICA DE PROTECCI\u00d3 DE DADES &nbsp; L&#8217;Adre\u00e7a \/ \u00d2rgan de Govern de PIELES PRIETO S.A. (d&#8217;ara endavant, el responsable del tractament), assumeix la m\u00e0xima responsabilitat i comprom\u00eds amb l&#8217;establiment, implementaci\u00f3 i manteniment de la present Pol\u00edtica de Protecci\u00f3 de Dades, garantint la millora cont\u00ednua del responsable del tractament amb l&#8217;objectiu d&#8217;aconseguir l&#8217;excel\u00b7l\u00e8ncia en relaci\u00f3 amb [&hellip;]<\/p>\n","protected":false},"author":1,"featured_media":0,"parent":0,"menu_order":995,"comment_status":"closed","ping_status":"closed","template":"","meta":[],"yoast_head":"<!-- This site is optimized with the Yoast SEO plugin v20.9 - https:\/\/yoast.com\/wordpress\/plugins\/seo\/ -->\n<title>Protecci\u00f3 de dades - Pieles Prieto<\/title>\n<meta name=\"robots\" content=\"index, follow, max-snippet:-1, max-image-preview:large, max-video-preview:-1\" \/>\n<link rel=\"canonical\" href=\"https:\/\/pielesprieto.es\/ca\/proteccio-de-dades\/\" \/>\n<meta property=\"og:locale\" content=\"ca_ES\" \/>\n<meta property=\"og:type\" content=\"article\" \/>\n<meta property=\"og:title\" content=\"Protecci\u00f3 de dades - Pieles Prieto\" \/>\n<meta property=\"og:description\" content=\"POL\u00cdTICA DE PROTECCI\u00d3 DE DADES &nbsp; L&#8217;Adre\u00e7a \/ \u00d2rgan de Govern de PIELES PRIETO S.A. (d&#8217;ara endavant, el responsable del tractament), assumeix la m\u00e0xima responsabilitat i comprom\u00eds amb l&#8217;establiment, implementaci\u00f3 i manteniment de la present Pol\u00edtica de Protecci\u00f3 de Dades, garantint la millora cont\u00ednua del responsable del tractament amb l&#8217;objectiu d&#8217;aconseguir l&#8217;excel\u00b7l\u00e8ncia en relaci\u00f3 amb [&hellip;]\" \/>\n<meta property=\"og:url\" content=\"https:\/\/pielesprieto.es\/ca\/proteccio-de-dades\/\" \/>\n<meta property=\"og:site_name\" content=\"Pieles Prieto\" \/>\n<meta property=\"article:publisher\" content=\"https:\/\/www.facebook.com\/pielesprietobarcelona\/\" \/>\n<meta property=\"article:modified_time\" content=\"2018-12-01T12:33:31+00:00\" \/>\n<meta name=\"twitter:card\" content=\"summary_large_image\" \/>\n<meta name=\"twitter:site\" content=\"@PielesPrieto\" \/>\n<meta name=\"twitter:label1\" content=\"Temps estimat de lectura\" \/>\n\t<meta name=\"twitter:data1\" content=\"4 minuts\" \/>\n<script type=\"application\/ld+json\" class=\"yoast-schema-graph\">{\"@context\":\"https:\/\/schema.org\",\"@graph\":[{\"@type\":\"WebPage\",\"@id\":\"https:\/\/pielesprieto.es\/ca\/proteccio-de-dades\/\",\"url\":\"https:\/\/pielesprieto.es\/ca\/proteccio-de-dades\/\",\"name\":\"Protecci\u00f3 de dades - Pieles Prieto\",\"isPartOf\":{\"@id\":\"https:\/\/pielesprieto.es\/#website\"},\"datePublished\":\"2018-12-01T12:31:49+00:00\",\"dateModified\":\"2018-12-01T12:33:31+00:00\",\"breadcrumb\":{\"@id\":\"https:\/\/pielesprieto.es\/ca\/proteccio-de-dades\/#breadcrumb\"},\"inLanguage\":\"ca\",\"potentialAction\":[{\"@type\":\"ReadAction\",\"target\":[\"https:\/\/pielesprieto.es\/ca\/proteccio-de-dades\/\"]}]},{\"@type\":\"BreadcrumbList\",\"@id\":\"https:\/\/pielesprieto.es\/ca\/proteccio-de-dades\/#breadcrumb\",\"itemListElement\":[{\"@type\":\"ListItem\",\"position\":1,\"name\":\"Portada\",\"item\":\"https:\/\/pielesprieto.es\/ca\/inici\/\"},{\"@type\":\"ListItem\",\"position\":2,\"name\":\"Protecci\u00f3 de dades\"}]},{\"@type\":\"WebSite\",\"@id\":\"https:\/\/pielesprieto.es\/#website\",\"url\":\"https:\/\/pielesprieto.es\/\",\"name\":\"Pieles Prieto\",\"description\":\"Pieles Prieto\",\"potentialAction\":[{\"@type\":\"SearchAction\",\"target\":{\"@type\":\"EntryPoint\",\"urlTemplate\":\"https:\/\/pielesprieto.es\/?s={search_term_string}\"},\"query-input\":\"required name=search_term_string\"}],\"inLanguage\":\"ca\"}]}<\/script>\n<!-- \/ Yoast SEO plugin. -->","yoast_head_json":{"title":"Protecci\u00f3 de dades - Pieles Prieto","robots":{"index":"index","follow":"follow","max-snippet":"max-snippet:-1","max-image-preview":"max-image-preview:large","max-video-preview":"max-video-preview:-1"},"canonical":"https:\/\/pielesprieto.es\/ca\/proteccio-de-dades\/","og_locale":"ca_ES","og_type":"article","og_title":"Protecci\u00f3 de dades - Pieles Prieto","og_description":"POL\u00cdTICA DE PROTECCI\u00d3 DE DADES &nbsp; L&#8217;Adre\u00e7a \/ \u00d2rgan de Govern de PIELES PRIETO S.A. (d&#8217;ara endavant, el responsable del tractament), assumeix la m\u00e0xima responsabilitat i comprom\u00eds amb l&#8217;establiment, implementaci\u00f3 i manteniment de la present Pol\u00edtica de Protecci\u00f3 de Dades, garantint la millora cont\u00ednua del responsable del tractament amb l&#8217;objectiu d&#8217;aconseguir l&#8217;excel\u00b7l\u00e8ncia en relaci\u00f3 amb [&hellip;]","og_url":"https:\/\/pielesprieto.es\/ca\/proteccio-de-dades\/","og_site_name":"Pieles Prieto","article_publisher":"https:\/\/www.facebook.com\/pielesprietobarcelona\/","article_modified_time":"2018-12-01T12:33:31+00:00","twitter_card":"summary_large_image","twitter_site":"@PielesPrieto","twitter_misc":{"Temps estimat de lectura":"4 minuts"},"schema":{"@context":"https:\/\/schema.org","@graph":[{"@type":"WebPage","@id":"https:\/\/pielesprieto.es\/ca\/proteccio-de-dades\/","url":"https:\/\/pielesprieto.es\/ca\/proteccio-de-dades\/","name":"Protecci\u00f3 de dades - Pieles Prieto","isPartOf":{"@id":"https:\/\/pielesprieto.es\/#website"},"datePublished":"2018-12-01T12:31:49+00:00","dateModified":"2018-12-01T12:33:31+00:00","breadcrumb":{"@id":"https:\/\/pielesprieto.es\/ca\/proteccio-de-dades\/#breadcrumb"},"inLanguage":"ca","potentialAction":[{"@type":"ReadAction","target":["https:\/\/pielesprieto.es\/ca\/proteccio-de-dades\/"]}]},{"@type":"BreadcrumbList","@id":"https:\/\/pielesprieto.es\/ca\/proteccio-de-dades\/#breadcrumb","itemListElement":[{"@type":"ListItem","position":1,"name":"Portada","item":"https:\/\/pielesprieto.es\/ca\/inici\/"},{"@type":"ListItem","position":2,"name":"Protecci\u00f3 de dades"}]},{"@type":"WebSite","@id":"https:\/\/pielesprieto.es\/#website","url":"https:\/\/pielesprieto.es\/","name":"Pieles Prieto","description":"Pieles Prieto","potentialAction":[{"@type":"SearchAction","target":{"@type":"EntryPoint","urlTemplate":"https:\/\/pielesprieto.es\/?s={search_term_string}"},"query-input":"required name=search_term_string"}],"inLanguage":"ca"}]}},"_links":{"self":[{"href":"https:\/\/pielesprieto.es\/ca\/wp-json\/wp\/v2\/pages\/2922"}],"collection":[{"href":"https:\/\/pielesprieto.es\/ca\/wp-json\/wp\/v2\/pages"}],"about":[{"href":"https:\/\/pielesprieto.es\/ca\/wp-json\/wp\/v2\/types\/page"}],"author":[{"embeddable":true,"href":"https:\/\/pielesprieto.es\/ca\/wp-json\/wp\/v2\/users\/1"}],"replies":[{"embeddable":true,"href":"https:\/\/pielesprieto.es\/ca\/wp-json\/wp\/v2\/comments?post=2922"}],"version-history":[{"count":2,"href":"https:\/\/pielesprieto.es\/ca\/wp-json\/wp\/v2\/pages\/2922\/revisions"}],"predecessor-version":[{"id":2930,"href":"https:\/\/pielesprieto.es\/ca\/wp-json\/wp\/v2\/pages\/2922\/revisions\/2930"}],"wp:attachment":[{"href":"https:\/\/pielesprieto.es\/ca\/wp-json\/wp\/v2\/media?parent=2922"}],"curies":[{"name":"wp","href":"https:\/\/api.w.org\/{rel}","templated":true}]}}

Protecció de dades

<h1><strong><u>POLÍTICA DE PROTECCIÓ DE DADES</u></strong></h1>
<p>&nbsp;</p>
<p>L&#8217;Adreça / Òrgan de Govern de <strong>PIELES PRIETO S.A.</strong> (d&#8217;ara endavant, el responsable del tractament), assumeix la màxima responsabilitat i compromís amb l&#8217;establiment, implementació i manteniment de la present Política de Protecció de Dades, garantint la millora contínua del responsable del tractament amb l&#8217;objectiu d&#8217;aconseguir l&#8217;excel·lència en relació amb el compliment del Reglament (UE) 2016/679 del Parlament Europeu i del Consell, de 27 d&#8217;abril de 2016, relatiu a la protecció de les persones físiques pel que fa al tractament de dades personals i a la lliure circulació d&#8217;aquestes dades i pel qual es deroga la Directiva 95/46/CE (Reglament general de protecció de dades) (DOUE L 119/1, 04-05-2016), i de la normativa espanyola de protecció de dades de caràcter personal (Llei Orgànica, legislació sectorial específica i les seves normes de desenvolupament).</p>
<p>&nbsp;</p>
<p>La Política de Protecció de Dades de <strong>PIELES PRIETO S.A.</strong> descansa en <u>el principi de responsabilitat proactiva</u>, segons el qual el responsable del tractament és responsable del compliment del marc normatiu i jurisprudencial que governa aquesta Política, i és capaç de demostrar-ho davant les autoritats de control competents.</p>
<p>En tal sentit, el responsable del tractament es regirà pels següents principis que han de servir a tot el seu personal com a guia i marc de referència en el tractament de dades personals:<br />
<u><br />
1. Protecció de dades des del disseny:</u> el responsable del tractament aplicarà, tant al moment de determinar els mitjans de tractament com al moment del mateix tractament, mesures tècniques i organitzatives apropiades, com la seudonimizació, concebudes per aplicar de forma efectiva els principis de protecció de dades, com la minimització de dades, i integrar les garanties necessàries en el tractament.</p>
<ol start="2">
<li>
<u> Protecció de dades per defecte</u>: el responsable del tractament aplicarà les mesures tècniques i organitzatives apropiades amb la intenció de garantir que, per defecte, solament siguin objecte de tractament de les dades personals que siguin necessàries per a cada un dels dins específics del tractament.</li>
</ol>
<p><u> </u></p>
<ol start="3">
<li><u> Protecció de dades en el cicle de vida de la informació:</u> les mesures que garanteixin la protecció de les dades personals seran aplicables durant el cicle complet de la vida de la informació.<u>
<p>4. Licitud, lleialtat i transparència</u>: les dades personals seran tractats de manera lícita, lleial i transparent en relació amb l&#8217;interessat.</li>
<li><u><br />
Limitació de la finalitat: les dades personals seran recollits amb finalitats determinades, explícits i legítims, i no seran tractats ulteriorment de manera incompatible amb aquestes finalitats.</p>
<p>6. Minimització de dades</u>: les dades personals seran adequats, pertinents i limitats al necessari en relació amb les finalitats pels quals són tractats.</li>
<li><u><br />
Exactitud</u>: les dades personals seran exactes i, si fos necessari, actualitzats; s&#8217;adoptaran totes les mesures raonables perquè se suprimeixin o rectifiquin sense dilació les dades personals que siguin inexactes pel que fa a les finalitats pels quals es tracten.</li>
<li><u><br />
Limitació del termini de conservació</u>: les dades personals seran mantingudes de manera que es permeti la identificació dels interessats durant no més del temps del necessari per a les finalitats del tractament de les dades personals.</li>
<li><u><br />
Integritat i confidencialitat</u>: les dades personals seran tractats de tal manera que es garanteixi una seguretat adequada de les dades personals, inclosa la protecció contra el tractament no autoritzat o il·lícit i contra la seva pèrdua, destrucció o dany accidental, mitjançant l&#8217;aplicació de mesures tècniques o organitzatives apropiades.</li>
<li><u><br />
Informació i formació</u>: una de les claus per garantir la protecció de les dades personals és la formació i informació que es faciliti al personal involucrat en el tractament d&#8217;aquests. Durant el cicle de vida de la informació, tot el personal amb accés a les dades serà convenientment format i informat sobre les seves obligacions en relació amb el compliment de la normativa de protecció de dades.</li>
</ol>
<p><u><br />
</u>La Política de Protecció de Dades de <strong>PIELES PRIETO S.A.</strong> és comunicada a tot el personal del responsable del tractament i posada a la disposició de totes les parts interessades.</p>
<p>&nbsp;</p>
<p>En la seva conseqüència, la present Política de Protecció de Dades involucra a tot el personal del responsable del tractament, que ha de conèixer-la i assumir-la, considerant-la com a pròpia, sent cada membre responsable d&#8217;aplicar-la i de verificar les normes de protecció de dades aplicables a la seva activitat, així com identificar i aportar les oportunitats de millora que consideri oportunes amb l&#8217;objectiu d&#8217;aconseguir l&#8217;excel·lència en relació amb el seu compliment.</p>
<p>Aquesta Política serà revisada per l&#8217;Adreça / Òrgan de Govern de <strong>PIELES PRIETO S.A.</strong><strong>,</strong> tantes vegades com es consideri necessari, per adequar-se, a tot moment, a les disposicions vigents en matèria de protecció de dades de caràcter personal.</p>
<p>&nbsp;</p>

<p>POLÍTICA DE PROTECCIÓ DE DADES &nbsp; L&#8217;Adreça / Òrgan de Govern de PIELES PRIETO S.A. (d&#8217;ara endavant, el responsable del tractament), assumeix la màxima responsabilitat i compromís amb l&#8217;establiment, implementació i manteniment de la present Política de Protecció de Dades, garantint la millora contínua del responsable del tractament amb l&#8217;objectiu d&#8217;aconseguir l&#8217;excel·lència en relació amb [&hellip;]</p>

<!-- This site is optimized with the Yoast SEO plugin v20.9 - https://yoast.com/wordpress/plugins/seo/ -->
<title>Protecció de dades - Pieles Prieto</title>
<meta name="robots" content="index, follow, max-snippet:-1, max-image-preview:large, max-video-preview:-1" />
<link rel="canonical" href="https://pielesprieto.es/ca/proteccio-de-dades/" />
<meta property="og:locale" content="ca_ES" />
<meta property="og:type" content="article" />
<meta property="og:title" content="Protecció de dades - Pieles Prieto" />
<meta property="og:description" content="POLÍTICA DE PROTECCIÓ DE DADES &nbsp; L&#8217;Adreça / Òrgan de Govern de PIELES PRIETO S.A. (d&#8217;ara endavant, el responsable del tractament), assumeix la màxima responsabilitat i compromís amb l&#8217;establiment, implementació i manteniment de la present Política de Protecció de Dades, garantint la millora contínua del responsable del tractament amb l&#8217;objectiu d&#8217;aconseguir l&#8217;excel·lència en relació amb [&hellip;]" />
<meta property="og:url" content="https://pielesprieto.es/ca/proteccio-de-dades/" />
<meta property="og:site_name" content="Pieles Prieto" />
<meta property="article:publisher" content="https://www.facebook.com/pielesprietobarcelona/" />
<meta property="article:modified_time" content="2018-12-01T12:33:31+00:00" />
<meta name="twitter:card" content="summary_large_image" />
<meta name="twitter:site" content="@PielesPrieto" />
<meta name="twitter:label1" content="Temps estimat de lectura" />
	<meta name="twitter:data1" content="4 minuts" />
<script type="application/ld+json" class="yoast-schema-graph">{"@context":"https://schema.org","@graph":[{"@type":"WebPage","@id":"https://pielesprieto.es/ca/proteccio-de-dades/","url":"https://pielesprieto.es/ca/proteccio-de-dades/","name":"Protecció de dades - Pieles Prieto","isPartOf":{"@id":"https://pielesprieto.es/#website"},"datePublished":"2018-12-01T12:31:49+00:00","dateModified":"2018-12-01T12:33:31+00:00","breadcrumb":{"@id":"https://pielesprieto.es/ca/proteccio-de-dades/#breadcrumb"},"inLanguage":"ca","potentialAction":[{"@type":"ReadAction","target":["https://pielesprieto.es/ca/proteccio-de-dades/"]}]},{"@type":"BreadcrumbList","@id":"https://pielesprieto.es/ca/proteccio-de-dades/#breadcrumb","itemListElement":[{"@type":"ListItem","position":1,"name":"Portada","item":"https://pielesprieto.es/ca/inici/"},{"@type":"ListItem","position":2,"name":"Protecció de dades"}]},{"@type":"WebSite","@id":"https://pielesprieto.es/#website","url":"https://pielesprieto.es/","name":"Pieles Prieto","description":"Pieles Prieto","potentialAction":[{"@type":"SearchAction","target":{"@type":"EntryPoint","urlTemplate":"https://pielesprieto.es/?s={search_term_string}"},"query-input":"required name=search_term_string"}],"inLanguage":"ca"}]}</script>
<!-- / Yoast SEO plugin. -->

Protecció de dades - Pieles Prieto

POLÍTICA DE PROTECCIÓ DE DADES &nbsp; L&#8217;Adreça / Òrgan de Govern de PIELES PRIETO S.A. (d&#8217;ara endavant, el responsable del tractament), assumeix la màxima responsabilitat i compromís amb l&#8217;establiment, implementació i manteniment de la present Política de Protecció de Dades, garantint la millora contínua del responsable del tractament amb l&#8217;objectiu d&#8217;aconseguir l&#8217;excel·lència en relació amb [&hellip;]
